CRAN Package Check Results for Package linkcomm

Last updated on 2020-09-25 06:50:02 CEST.

Flavor Version Tinstall Tcheck Ttotal Status Flags
r-devel-linux-x86_64-debian-clang 1.0-12 32.01 57.47 89.48 NOTE
r-devel-linux-x86_64-debian-gcc 1.0-12 23.04 44.30 67.34 NOTE
r-devel-linux-x86_64-fedora-clang 1.0-12 134.74 NOTE
r-devel-linux-x86_64-fedora-gcc 1.0-12 111.59 NOTE
r-devel-windows-ix86+x86_64 1.0-12 69.00 114.00 183.00 OK
r-patched-linux-x86_64 1.0-12 24.60 56.47 81.07 OK
r-patched-solaris-x86 1.0-12 157.20 OK
r-release-linux-x86_64 1.0-12 28.21 55.55 83.76 OK
r-release-macos-x86_64 1.0-12 OK
r-release-windows-ix86+x86_64 1.0-12 58.00 114.00 172.00 OK
r-oldrel-macos-x86_64 1.0-12 OK
r-oldrel-windows-ix86+x86_64 1.0-12 70.00 103.00 173.00 OK

Check Details

Version: 1.0-12
Check: R code for possible problems
Result: NOTE
    Possibly missing '()' after 'return' in the following functions:
     'getOCG.clusters' 'read.OCG'
Flavors: r-devel-linux-x86_64-debian-clang, r-devel-linux-x86_64-debian-gcc, r-devel-linux-x86_64-fedora-clang, r-devel-linux-x86_64-fedora-gcc