CRAN Package Check Results for Package listviewer

Last updated on 2022-01-26 06:50:19 CET.

Flavor Version Tinstall Tcheck Ttotal Status Flags
r-devel-linux-x86_64-debian-clang 3.0.0 2.32 34.45 36.77 NOTE
r-devel-linux-x86_64-debian-gcc 3.0.0 1.96 26.94 28.90 NOTE
r-devel-linux-x86_64-fedora-clang 3.0.0 45.01 NOTE
r-devel-linux-x86_64-fedora-gcc 3.0.0 34.53 NOTE
r-devel-windows-x86_64-new-UL 3.0.0 59.00 61.00 120.00 NOTE
r-devel-windows-x86_64-new-TK 3.0.0 NOTE
r-patched-linux-x86_64 3.0.0 2.65 32.44 35.09 NOTE
r-release-linux-x86_64 3.0.0 2.49 32.30 34.79 NOTE
r-release-macos-arm64 3.0.0 NOTE
r-release-macos-x86_64 3.0.0 NOTE
r-release-windows-ix86+x86_64 3.0.0 7.00 43.00 50.00 NOTE
r-oldrel-macos-x86_64 3.0.0 OK
r-oldrel-windows-ix86+x86_64 3.0.0 8.00 41.00 49.00 OK

Check Details

Version: 3.0.0
Check: LazyData
Result: NOTE
     'LazyData' is specified without a 'data' directory
Flavors: r-devel-linux-x86_64-debian-clang, r-devel-linux-x86_64-debian-gcc, r-devel-linux-x86_64-fedora-clang, r-devel-linux-x86_64-fedora-gcc, r-devel-windows-x86_64-new-UL, r-devel-windows-x86_64-new-TK, r-patched-linux-x86_64, r-release-linux-x86_64, r-release-macos-arm64, r-release-macos-x86_64, r-release-windows-ix86+x86_64