CRAN Package Check Results for Package lite

Last updated on 2024-07-16 07:01:42 CEST.

Flavor Version Tinstall Tcheck Ttotal Status Flags
r-devel-linux-x86_64-debian-clang 1.1.0 8.57 143.15 151.72 OK
r-devel-linux-x86_64-debian-gcc 1.1.0 6.71 103.76 110.47 OK
r-devel-linux-x86_64-fedora-clang 1.1.0 200.76 OK
r-devel-linux-x86_64-fedora-gcc 1.1.0 187.63 OK
r-devel-windows-x86_64 1.1.0 8.00 135.00 143.00 NOTE
r-patched-linux-x86_64 1.1.0 12.63 136.26 148.89 OK
r-release-linux-x86_64 1.1.0 4.86 134.00 138.86 OK
r-release-macos-arm64 1.1.0 59.00 OK
r-release-macos-x86_64 1.1.0 131.00 OK
r-release-windows-x86_64 1.1.0 7.00 136.00 143.00 OK
r-oldrel-macos-arm64 1.1.0 62.00 OK
r-oldrel-macos-x86_64 1.1.0 117.00 OK
r-oldrel-windows-x86_64 1.1.0 10.00 153.00 163.00 OK

Check Details

Version: 1.1.0
Check: Rd cross-references
Result: NOTE Found the following Rd file(s) with Rd \link{} targets missing package anchors: blite.Rd: split_by_NAs flite.Rd: split_by_NAs Please provide package anchors for all Rd \link{} targets not in the package itself and the base packages. Flavor: r-devel-windows-x86_64