CRAN Package Check Results for Package liver

Last updated on 2022-10-04 07:49:51 CEST.

Flavor Version Tinstall Tcheck Ttotal Status Flags
r-devel-linux-x86_64-debian-clang 1.13 3.20 49.97 53.17 OK
r-devel-linux-x86_64-debian-gcc 1.13 2.28 38.79 41.07 OK
r-devel-linux-x86_64-fedora-clang 1.13 81.25 NOTE
r-devel-linux-x86_64-fedora-gcc 1.13 73.46 NOTE
r-devel-windows-x86_64 1.13 18.00 88.00 106.00 OK
r-patched-linux-x86_64 1.13 4.26 48.03 52.29 OK
r-release-linux-x86_64 1.13 3.40 48.18 51.58 OK
r-release-macos-arm64 1.13 27.00 NOTE
r-release-macos-x86_64 1.13 38.00 NOTE
r-release-windows-x86_64 1.13 17.00 90.00 107.00 OK
r-oldrel-macos-arm64 1.13 30.00 NOTE
r-oldrel-macos-x86_64 1.13 36.00 NOTE
r-oldrel-windows-ix86+x86_64 1.13 8.00 76.00 84.00 OK

Check Details

Version: 1.13
Check: data for non-ASCII characters
Result: NOTE
     Note: found 266 marked UTF-8 strings
Flavors: r-devel-linux-x86_64-fedora-clang, r-devel-linux-x86_64-fedora-gcc, r-release-macos-arm64, r-release-macos-x86_64, r-oldrel-macos-arm64, r-oldrel-macos-x86_64