CRAN Package Check Results for Package lm.beta

Last updated on 2022-01-20 06:49:23 CET.

Flavor Version Tinstall Tcheck Ttotal Status Flags
r-devel-linux-x86_64-debian-clang 1.5-1 NOTE
r-devel-linux-x86_64-debian-gcc 1.5-1 1.48 22.45 23.93 NOTE
r-devel-linux-x86_64-fedora-clang 1.5-1 38.15 NOTE
r-devel-linux-x86_64-fedora-gcc 1.5-1 27.12 NOTE
r-devel-windows-x86_64-new-UL 1.5-1 15.00 43.00 58.00 NOTE
r-devel-windows-x86_64-new-TK 1.5-1 NOTE
r-patched-linux-x86_64 1.5-1 1.71 27.49 29.20 NOTE
r-release-linux-x86_64 1.5-1 NOTE
r-release-macos-arm64 1.5-1 NOTE
r-release-macos-x86_64 1.5-1 NOTE
r-release-windows-ix86+x86_64 1.5-1 4.00 26.00 30.00 NOTE
r-oldrel-macos-x86_64 1.5-1 NOTE
r-oldrel-windows-ix86+x86_64 1.5-1 4.00 25.00 29.00 NOTE

Check Details

Version: 1.5-1
Check: R code for possible problems
Result: NOTE
    lm.beta: no visible global function definition for 'coef'
    lm.beta: no visible global function definition for 'model.matrix'
    lm.beta: no visible global function definition for 'model.frame'
    Undefined global functions or variables:
     coef model.frame model.matrix
    Consider adding
     importFrom("stats", "coef", "model.frame", "model.matrix")
    to your NAMESPACE file.
Flavors: r-devel-linux-x86_64-debian-clang, r-devel-linux-x86_64-debian-gcc, r-devel-linux-x86_64-fedora-clang, r-devel-linux-x86_64-fedora-gcc, r-devel-windows-x86_64-new-UL, r-devel-windows-x86_64-new-TK, r-patched-linux-x86_64, r-release-linux-x86_64, r-release-macos-arm64, r-release-macos-x86_64, r-release-windows-ix86+x86_64, r-oldrel-macos-x86_64, r-oldrel-windows-ix86+x86_64