Last updated on 2023-03-30 06:53:19 CEST.
Flavor | Version | Tinstall | Tcheck | Ttotal | Status | Flags |
---|---|---|---|---|---|---|
r-devel-linux-x86_64-debian-clang | 0.9.5 | 13.88 | 93.99 | 107.87 | NOTE | |
r-devel-linux-x86_64-debian-gcc | 0.9.5 | 10.57 | 73.18 | 83.75 | NOTE | |
r-devel-linux-x86_64-fedora-clang | 0.9.5 | 132.56 | NOTE | |||
r-devel-linux-x86_64-fedora-gcc | 0.9.5 | 129.51 | NOTE | |||
r-devel-windows-x86_64 | 0.9.5 | 29.00 | 0.00 | 29.00 | NOTE | |
r-patched-linux-x86_64 | 0.9.5 | 13.03 | 89.29 | 102.32 | NOTE | |
r-release-linux-x86_64 | 0.9.5 | 12.01 | 90.14 | 102.15 | OK | |
r-release-macos-arm64 | 0.9.5 | 40.00 | OK | |||
r-release-macos-x86_64 | 0.9.5 | 54.00 | OK | |||
r-release-windows-x86_64 | 0.9.5 | 38.00 | 124.00 | 162.00 | OK | |
r-oldrel-macos-arm64 | 0.9.5 | 43.00 | OK | |||
r-oldrel-macos-x86_64 | 0.9.5 | 48.00 | OK | |||
r-oldrel-windows-ix86+x86_64 | 0.9.5 | 23.00 | 118.00 | 141.00 | OK |
Version: 0.9.5
Check: package subdirectories
Result: NOTE
Problems with news in ‘NEWS.md’:
No news entries found.
Flavors: r-devel-linux-x86_64-debian-clang, r-devel-linux-x86_64-debian-gcc, r-devel-linux-x86_64-fedora-clang, r-devel-linux-x86_64-fedora-gcc, r-devel-windows-x86_64, r-patched-linux-x86_64