CRAN Package Check Results for Package lmeSplines

Last updated on 2025-01-19 06:48:25 CET.

Flavor Version Tinstall Tcheck Ttotal Status Flags
r-devel-linux-x86_64-debian-clang 1.1-12 2.04 21.01 23.05 NOTE
r-devel-linux-x86_64-debian-gcc 1.1-12 1.46 17.63 19.09 NOTE
r-devel-linux-x86_64-fedora-clang 1.1-12 37.11 OK
r-devel-linux-x86_64-fedora-gcc 1.1-12 35.90 OK
r-devel-windows-x86_64 1.1-12 4.00 43.00 47.00 NOTE
r-patched-linux-x86_64 1.1-12 2.01 20.34 22.35 OK
r-release-linux-x86_64 1.1-12 1.95 20.19 22.14 OK
r-release-macos-arm64 1.1-12 16.00 OK
r-release-macos-x86_64 1.1-12 27.00 OK
r-release-windows-x86_64 1.1-12 4.00 88.00 92.00 OK
r-oldrel-macos-arm64 1.1-12 17.00 OK
r-oldrel-macos-x86_64 1.1-12 21.00 OK
r-oldrel-windows-x86_64 1.1-12 3.00 42.00 45.00 OK

Check Details

Version: 1.1-12
Check: Rd cross-references
Result: NOTE Found the following Rd file(s) with Rd \link{} targets missing package anchors: approx.Z.Rd: nlme smSplineEx1.Rd: lme smspline.Rd: predict.lme, nlme Please provide package anchors for all Rd \link{} targets not in the package itself and the base packages. Flavors: r-devel-linux-x86_64-debian-clang, r-devel-linux-x86_64-debian-gcc, r-devel-windows-x86_64