Last updated on 2025-06-14 06:49:59 CEST.
Flavor | Version | Tinstall | Tcheck | Ttotal | Status | Flags |
---|---|---|---|---|---|---|
r-devel-linux-x86_64-debian-clang | 3.1.6 | 62.03 | 266.64 | 328.67 | OK | |
r-devel-linux-x86_64-debian-gcc | 3.1.6 | 44.60 | 185.78 | 230.38 | OK | |
r-devel-linux-x86_64-fedora-clang | 3.1.6 | 547.54 | NOTE | |||
r-devel-linux-x86_64-fedora-gcc | 3.1.6 | 554.55 | NOTE | |||
r-devel-windows-x86_64 | 3.1.6 | 77.00 | 299.00 | 376.00 | OK | |
r-patched-linux-x86_64 | 3.1.6 | 64.71 | 251.82 | 316.53 | OK | |
r-release-linux-x86_64 | 3.1.6 | 53.18 | 254.17 | 307.35 | OK | |
r-release-macos-arm64 | 3.1.6 | 163.00 | OK | |||
r-release-macos-x86_64 | 3.1.6 | 335.00 | OK | |||
r-release-windows-x86_64 | 3.1.6 | 79.00 | 291.00 | 370.00 | OK | |
r-oldrel-macos-arm64 | 3.1.6 | 100.00 | NOTE | |||
r-oldrel-macos-x86_64 | 3.1.6 | 158.00 | NOTE | |||
r-oldrel-windows-x86_64 | 3.1.6 | 90.00 | 377.00 | 467.00 | NOTE |
Version: 3.1.6
Check: dependencies in R code
Result: NOTE
Namespaces in Imports field not imported from:
‘purrr’ ‘readr’
All declared Imports should be used.
Flavors: r-devel-linux-x86_64-fedora-clang, r-devel-linux-x86_64-fedora-gcc
Version: 3.1.6
Check: installed package size
Result: NOTE
installed size is 9.5Mb
sub-directories of 1Mb or more:
doc 4.0Mb
libs 5.2Mb
Flavors: r-oldrel-macos-arm64, r-oldrel-macos-x86_64, r-oldrel-windows-x86_64
Version: 3.1.6
Check: for GNU extensions in Makefiles
Result: NOTE
GNU make is a SystemRequirements.
Flavors: r-oldrel-macos-arm64, r-oldrel-macos-x86_64, r-oldrel-windows-x86_64