CRAN Package Check Results for Package logib

Last updated on 2022-10-04 07:49:51 CEST.

Flavor Version Tinstall Tcheck Ttotal Status Flags
r-devel-linux-x86_64-debian-clang 0.1.2 2.83 28.96 31.79 OK
r-devel-linux-x86_64-debian-gcc 0.1.2 2.18 22.39 24.57 OK
r-devel-linux-x86_64-fedora-clang 0.1.2 51.53 NOTE
r-devel-linux-x86_64-fedora-gcc 0.1.2 48.29 NOTE
r-devel-windows-x86_64 0.1.2 17.00 59.00 76.00 OK
r-patched-linux-x86_64 0.1.2 3.30 27.36 30.66 OK
r-release-linux-x86_64 0.1.2 3.17 26.79 29.96 OK
r-release-macos-arm64 0.1.2 16.00 NOTE
r-release-macos-x86_64 0.1.2 33.00 NOTE
r-release-windows-x86_64 0.1.2 10.00 55.00 65.00 OK
r-oldrel-macos-arm64 0.1.2 21.00 NOTE
r-oldrel-macos-x86_64 0.1.2 23.00 NOTE
r-oldrel-windows-ix86+x86_64 0.1.2 7.00 50.00 57.00 OK

Check Details

Version: 0.1.2
Check: data for non-ASCII characters
Result: NOTE
     Note: found 12 marked UTF-8 strings
Flavors: r-devel-linux-x86_64-fedora-clang, r-devel-linux-x86_64-fedora-gcc, r-release-macos-arm64, r-release-macos-x86_64, r-oldrel-macos-arm64, r-oldrel-macos-x86_64