CRAN Package Check Results for Package logistf

Last updated on 2020-09-22 06:47:31 CEST.

Flavor Version Tinstall Tcheck Ttotal Status Flags
r-devel-linux-x86_64-debian-clang 1.24 16.50 98.94 115.44 OK
r-devel-linux-x86_64-debian-gcc 1.24 0.32 2.08 2.40 ERROR
r-devel-linux-x86_64-fedora-clang 1.24 151.07 OK
r-devel-linux-x86_64-fedora-gcc 1.24 141.15 OK
r-devel-windows-ix86+x86_64 1.24 34.00 137.00 171.00 OK
r-patched-linux-x86_64 1.24 14.90 94.42 109.32 OK
r-patched-solaris-x86 1.24 191.10 OK
r-release-linux-x86_64 1.24 16.49 95.30 111.79 OK
r-release-macos-x86_64 1.24 OK
r-release-windows-ix86+x86_64 1.24 28.00 146.00 174.00 OK
r-oldrel-macos-x86_64 1.24 OK
r-oldrel-windows-ix86+x86_64 1.24 22.00 149.00 171.00 OK

Check Details

Version: 1.24
Check: whether package can be installed
Result: ERROR
    Installation failed.
Flavor: r-devel-linux-x86_64-debian-gcc