Last updated on 2023-06-03 07:03:43 CEST.
Flavor | Version | Tinstall | Tcheck | Ttotal | Status | Flags |
---|---|---|---|---|---|---|
r-devel-linux-x86_64-debian-clang | 0.2 | 4.61 | 60.54 | 65.15 | OK | |
r-devel-linux-x86_64-debian-gcc | 0.2 | 3.32 | 45.80 | 49.12 | OK | |
r-devel-linux-x86_64-fedora-clang | 0.2 | 80.53 | NOTE | |||
r-devel-linux-x86_64-fedora-gcc | 0.2 | 87.96 | NOTE | |||
r-devel-windows-x86_64 | 0.2 | 8.00 | 81.00 | 89.00 | OK | |
r-patched-linux-x86_64 | 0.2 | OK | ||||
r-release-linux-x86_64 | 0.2 | 4.33 | 58.41 | 62.74 | OK | |
r-release-macos-arm64 | 0.2 | 42.00 | OK | |||
r-release-macos-x86_64 | 0.2 | 63.00 | OK | |||
r-release-windows-x86_64 | 0.2 | 8.00 | 88.00 | 96.00 | OK | |
r-oldrel-macos-arm64 | 0.2 | 33.00 | OK | |||
r-oldrel-macos-x86_64 | 0.2 | 55.00 | OK | |||
r-oldrel-windows-x86_64 | 0.2 | 7.00 | 82.00 | 89.00 | OK |
Version: 0.2
Check: compiled code
Result: NOTE
File ‘logisticPCA/libs/logisticPCA.so’:
Found no calls to: ‘R_registerRoutines’, ‘R_useDynamicSymbols’
It is good practice to register native routines and to disable symbol
search.
See ‘Writing portable packages’ in the ‘Writing R Extensions’ manual.
Flavors: r-devel-linux-x86_64-fedora-clang, r-devel-linux-x86_64-fedora-gcc