CRAN Package Check Results for Package loglognorm

Last updated on 2022-05-29 06:51:35 CEST.

Flavor Version Tinstall Tcheck Ttotal Status Flags
r-devel-linux-x86_64-debian-clang 1.0.1 2.38 29.55 31.93 NOTE
r-devel-linux-x86_64-debian-gcc 1.0.1 2.00 22.79 24.79 NOTE
r-devel-linux-x86_64-fedora-clang 1.0.1 38.74 NOTE
r-devel-linux-x86_64-fedora-gcc 1.0.1 27.61 NOTE
r-devel-windows-x86_64 1.0.1 17.00 43.00 60.00 NOTE
r-patched-linux-x86_64 1.0.1 2.24 27.76 30.00 NOTE
r-release-linux-x86_64 1.0.1 2.04 27.83 29.87 NOTE
r-release-macos-arm64 1.0.1 15.00 NOTE
r-release-macos-x86_64 1.0.1 21.00 NOTE
r-release-windows-x86_64 1.0.1 7.00 45.00 52.00 NOTE
r-oldrel-macos-arm64 1.0.1 18.00 NOTE
r-oldrel-macos-x86_64 1.0.1 27.00 NOTE
r-oldrel-windows-ix86+x86_64 1.0.1 7.00 30.00 37.00 NOTE

Check Details

Version: 1.0.1
Check: DESCRIPTION meta-information
Result: NOTE
    Malformed Description field: should contain one or more complete sentences.
Flavors: r-devel-linux-x86_64-debian-clang, r-devel-linux-x86_64-debian-gcc, r-devel-linux-x86_64-fedora-clang, r-devel-linux-x86_64-fedora-gcc, r-devel-windows-x86_64, r-patched-linux-x86_64, r-release-linux-x86_64, r-release-macos-arm64, r-release-macos-x86_64, r-release-windows-x86_64, r-oldrel-macos-arm64, r-oldrel-macos-x86_64, r-oldrel-windows-ix86+x86_64

Version: 1.0.1
Check: R code for possible problems
Result: NOTE
    rloglognorm: no visible global function definition for 'runif'
    Undefined global functions or variables:
     runif
    Consider adding
     importFrom("stats", "runif")
    to your NAMESPACE file.
Flavors: r-devel-linux-x86_64-debian-clang, r-devel-linux-x86_64-debian-gcc, r-devel-linux-x86_64-fedora-clang, r-devel-linux-x86_64-fedora-gcc, r-devel-windows-x86_64, r-patched-linux-x86_64, r-release-linux-x86_64, r-release-macos-arm64, r-release-macos-x86_64, r-release-windows-x86_64, r-oldrel-macos-arm64, r-oldrel-macos-x86_64, r-oldrel-windows-ix86+x86_64

Version: 1.0.1
Check: compiled code
Result: NOTE
    File ‘loglognorm/libs/loglognorm.so’:
     Found no calls to: ‘R_registerRoutines’, ‘R_useDynamicSymbols’
    
    It is good practice to register native routines and to disable symbol
    search.
    
    See ‘Writing portable packages’ in the ‘Writing R Extensions’ manual.
Flavors: r-devel-linux-x86_64-fedora-clang, r-devel-linux-x86_64-fedora-gcc