CRAN Package Check Results for Package longurl

Last updated on 2022-01-22 06:48:57 CET.

Flavor Version Tinstall Tcheck Ttotal Status Flags
r-devel-linux-x86_64-debian-clang 0.3.3 1.66 29.75 31.41 NOTE
r-devel-linux-x86_64-debian-gcc 0.3.3 1.10 23.60 24.70 NOTE
r-devel-linux-x86_64-fedora-clang 0.3.3 38.91 NOTE
r-devel-linux-x86_64-fedora-gcc 0.3.3 28.12 NOTE
r-devel-windows-x86_64-new-UL 0.3.3 22.00 56.00 78.00 NOTE
r-devel-windows-x86_64-new-TK 0.3.3 NOTE
r-patched-linux-x86_64 0.3.3 1.39 28.95 30.34 NOTE
r-release-linux-x86_64 0.3.3 1.21 28.85 30.06 NOTE
r-release-macos-arm64 0.3.3 NOTE
r-release-macos-x86_64 0.3.3 NOTE
r-release-windows-ix86+x86_64 0.3.3 5.00 47.00 52.00 NOTE
r-oldrel-macos-x86_64 0.3.3 OK
r-oldrel-windows-ix86+x86_64 0.3.3 5.00 45.00 50.00 OK

Check Details

Version: 0.3.3
Check: LazyData
Result: NOTE
     'LazyData' is specified without a 'data' directory
Flavors: r-devel-linux-x86_64-debian-clang, r-devel-linux-x86_64-debian-gcc, r-devel-linux-x86_64-fedora-clang, r-devel-linux-x86_64-fedora-gcc, r-devel-windows-x86_64-new-UL, r-devel-windows-x86_64-new-TK, r-patched-linux-x86_64, r-release-linux-x86_64, r-release-macos-arm64, r-release-macos-x86_64, r-release-windows-ix86+x86_64