CRAN Package Check Results for Package lrequire

Last updated on 2022-01-22 06:48:57 CET.

Flavor Version Tinstall Tcheck Ttotal Status Flags
r-devel-linux-x86_64-debian-clang 0.1.3 1.60 30.60 32.20 NOTE
r-devel-linux-x86_64-debian-gcc 0.1.3 1.65 23.81 25.46 NOTE
r-devel-linux-x86_64-fedora-clang 0.1.3 41.34 NOTE
r-devel-linux-x86_64-fedora-gcc 0.1.3 29.38 NOTE
r-devel-windows-x86_64-new-UL 0.1.3 40.00 52.00 92.00 NOTE
r-devel-windows-x86_64-new-TK 0.1.3 NOTE
r-patched-linux-x86_64 0.1.3 1.93 29.57 31.50 NOTE
r-release-linux-x86_64 0.1.3 1.90 29.49 31.39 NOTE
r-release-macos-arm64 0.1.3 NOTE
r-release-macos-x86_64 0.1.3 NOTE
r-release-windows-ix86+x86_64 0.1.3 4.00 39.00 43.00 NOTE
r-oldrel-macos-x86_64 0.1.3 OK
r-oldrel-windows-ix86+x86_64 0.1.3 4.00 40.00 44.00 OK

Check Details

Version: 0.1.3
Check: LazyData
Result: NOTE
     'LazyData' is specified without a 'data' directory
Flavors: r-devel-linux-x86_64-debian-clang, r-devel-linux-x86_64-debian-gcc, r-devel-linux-x86_64-fedora-clang, r-devel-linux-x86_64-fedora-gcc, r-devel-windows-x86_64-new-UL, r-devel-windows-x86_64-new-TK, r-patched-linux-x86_64, r-release-linux-x86_64, r-release-macos-arm64, r-release-macos-x86_64, r-release-windows-ix86+x86_64