CRAN Package Check Results for Package ltsa

Last updated on 2022-08-15 06:49:11 CEST.

Flavor Version Tinstall Tcheck Ttotal Status Flags
r-devel-linux-x86_64-debian-clang 1.4.6 5.49 32.45 37.94 OK
r-devel-linux-x86_64-debian-gcc 1.4.6 3.91 24.45 28.36 OK
r-devel-linux-x86_64-fedora-clang 1.4.6 55.59 NOTE
r-devel-linux-x86_64-fedora-gcc 1.4.6 54.49 NOTE
r-devel-windows-x86_64 1.4.6 30.00 63.00 93.00 OK
r-patched-linux-x86_64 1.4.6 4.75 30.84 35.59 OK
r-release-linux-x86_64 1.4.6 4.85 31.24 36.09 OK
r-release-macos-arm64 1.4.6 18.00 OK
r-release-macos-x86_64 1.4.6 28.00 OK
r-release-windows-x86_64 1.4.6 16.00 66.00 82.00 OK
r-oldrel-macos-arm64 1.4.6 23.00 OK
r-oldrel-macos-x86_64 1.4.6 35.00 OK
r-oldrel-windows-ix86+x86_64 1.4.6 18.00 41.00 59.00 OK

Check Details

Version: 1.4.6
Check: compiled code
Result: NOTE
    File ‘ltsa/libs/ltsa.so’:
     Found no calls to: ‘R_registerRoutines’, ‘R_useDynamicSymbols’
    
    It is good practice to register native routines and to disable symbol
    search.
    
    See ‘Writing portable packages’ in the ‘Writing R Extensions’ manual.
Flavors: r-devel-linux-x86_64-fedora-clang, r-devel-linux-x86_64-fedora-gcc