CRAN Package Check Results for Package ludic

Last updated on 2021-06-17 06:48:13 CEST.

Flavor Version Tinstall Tcheck Ttotal Status Flags
r-devel-linux-x86_64-debian-clang 0.1.8 96.86 120.17 217.03 OK
r-devel-linux-x86_64-debian-gcc 0.1.8 71.14 94.01 165.15 OK
r-devel-linux-x86_64-fedora-clang 0.1.8 296.88 NOTE
r-devel-linux-x86_64-fedora-gcc 0.1.8 271.44 OK
r-devel-windows-x86_64 0.1.8 123.00 122.00 245.00 OK
r-devel-windows-x86_64-gcc10-UCRT 0.1.8 OK
r-patched-linux-x86_64 0.1.8 80.70 115.94 196.64 OK
r-patched-solaris-x86 0.1.8 327.70 OK
r-release-linux-x86_64 0.1.8 84.67 116.27 200.94 OK
r-release-macos-arm64 0.1.8 NOTE
r-release-macos-x86_64 0.1.8 NOTE
r-release-windows-ix86+x86_64 0.1.8 232.00 192.00 424.00 OK
r-oldrel-macos-x86_64 0.1.8 NOTE
r-oldrel-windows-ix86+x86_64 0.1.8 177.00 194.00 371.00 OK

Check Details

Version: 0.1.8
Check: installed package size
Result: NOTE
     installed size is 5.8Mb
     sub-directories of 1Mb or more:
     data 2.1Mb
     libs 3.5Mb
Flavors: r-devel-linux-x86_64-fedora-clang, r-release-macos-arm64, r-release-macos-x86_64, r-oldrel-macos-x86_64