CRAN Package Check Results for Package luz

Last updated on 2024-06-13 06:58:07 CEST.

Flavor Version Tinstall Tcheck Ttotal Status Flags
r-devel-linux-x86_64-debian-clang 0.4.0 18.05 96.86 114.91 OK
r-devel-linux-x86_64-debian-gcc 0.4.0 0.40 1.75 2.15 ERROR
r-devel-linux-x86_64-fedora-clang 0.4.0 142.80 OK
r-devel-linux-x86_64-fedora-gcc 0.4.0 150.53 OK
r-devel-windows-x86_64 0.4.0 14.00 109.00 123.00 OK
r-patched-linux-x86_64 0.4.0 20.59 95.78 116.37 OK
r-release-linux-x86_64 0.4.0 12.18 93.10 105.28 OK
r-release-macos-arm64 0.4.0 47.00 OK
r-release-macos-x86_64 0.4.0 91.00 OK
r-release-windows-x86_64 0.4.0 15.00 98.00 113.00 OK
r-oldrel-macos-arm64 0.4.0 54.00 OK
r-oldrel-macos-x86_64 0.4.0 95.00 OK
r-oldrel-windows-x86_64 0.4.0 18.00 114.00 132.00 OK

Check Details

Version: 0.4.0
Check: package dependencies
Result: ERROR Packages required but not available: 'progress', 'purrr' Packages suggested but not available for checking: 'testthat', 'vdiffr', 'ggplot2', 'dplyr', 'tfevents', 'tidyr' See section ‘The DESCRIPTION file’ in the ‘Writing R Extensions’ manual. Flavor: r-devel-linux-x86_64-debian-gcc