CRAN Package Check Results for Package luzlogr

Last updated on 2020-08-13 06:47:33 CEST.

Flavor Version Tinstall Tcheck Ttotal Status Flags
r-devel-linux-x86_64-debian-clang 0.2.0 1.93 23.60 25.53 NOTE
r-devel-linux-x86_64-debian-gcc 0.2.0 1.49 18.81 20.30 NOTE
r-devel-linux-x86_64-fedora-clang 0.2.0 40.91 NOTE
r-devel-linux-x86_64-fedora-gcc 0.2.0 31.08 NOTE
r-devel-windows-ix86+x86_64 0.2.0 7.00 56.00 63.00 OK
r-patched-linux-x86_64 0.2.0 1.87 23.62 25.49 NOTE
r-patched-solaris-x86 0.2.0 48.80 NOTE
r-release-linux-x86_64 0.2.0 1.90 23.39 25.29 NOTE
r-release-macos-x86_64 0.2.0 OK
r-release-windows-ix86+x86_64 0.2.0 7.00 38.00 45.00 OK
r-oldrel-macos-x86_64 0.2.0 OK
r-oldrel-windows-ix86+x86_64 0.2.0 5.00 40.00 45.00 OK

Check Details

Version: 0.2.0
Check: for non-standard things in the check directory
Result: NOTE
    Found the following files/directories:
     'test'
Flavors: r-devel-linux-x86_64-debian-clang, r-devel-linux-x86_64-debian-gcc, r-devel-linux-x86_64-fedora-clang, r-devel-linux-x86_64-fedora-gcc, r-patched-linux-x86_64, r-patched-solaris-x86, r-release-linux-x86_64