CRAN Package Check Results for Package lvec

Last updated on 2021-06-19 06:48:13 CEST.

Flavor Version Tinstall Tcheck Ttotal Status Flags
r-devel-linux-x86_64-debian-clang 0.2.2 136.83 35.83 172.66 OK
r-devel-linux-x86_64-debian-gcc 0.2.2 84.60 27.80 112.40 OK
r-devel-linux-x86_64-fedora-clang 0.2.2 264.03 NOTE
r-devel-linux-x86_64-fedora-gcc 0.2.2 216.89 OK
r-devel-windows-x86_64 0.2.2 213.00 50.00 263.00 OK
r-devel-windows-x86_64-gcc10-UCRT 0.2.2 OK
r-patched-linux-x86_64 0.2.2 104.52 34.33 138.85 OK
r-patched-solaris-x86 0.2.2 188.50 OK
r-release-linux-x86_64 0.2.2 104.78 34.33 139.11 OK
r-release-macos-arm64 0.2.2 OK
r-release-macos-x86_64 0.2.2 OK
r-release-windows-ix86+x86_64 0.2.2 421.00 82.00 503.00 OK
r-oldrel-macos-x86_64 0.2.2 OK
r-oldrel-windows-ix86+x86_64 0.2.2 313.00 85.00 398.00 OK

Check Details

Version: 0.2.2
Check: installed package size
Result: NOTE
     installed size is 5.2Mb
     sub-directories of 1Mb or more:
     libs 5.0Mb
Flavor: r-devel-linux-x86_64-fedora-clang