Last updated on 2022-05-23 06:49:51 CEST.
Flavor | Version | Tinstall | Tcheck | Ttotal | Status | Flags |
---|---|---|---|---|---|---|
r-devel-linux-x86_64-debian-clang | 0.2-8 | 94.10 | 86.43 | 180.53 | OK | |
r-devel-linux-x86_64-debian-gcc | 0.2-8 | 84.57 | 65.34 | 149.91 | OK | |
r-devel-linux-x86_64-fedora-clang | 0.2-8 | 243.56 | OK | |||
r-devel-linux-x86_64-fedora-gcc | 0.2-8 | 230.71 | OK | |||
r-devel-windows-x86_64 | 0.2-8 | 219.00 | 208.00 | 427.00 | NOTE | |
r-patched-linux-x86_64 | 0.2-8 | 89.62 | 82.15 | 171.77 | OK | |
r-release-linux-x86_64 | 0.2-8 | OK | ||||
r-release-macos-arm64 | 0.2-8 | 67.00 | NOTE | |||
r-release-macos-x86_64 | 0.2-8 | 91.00 | NOTE | |||
r-release-windows-x86_64 | 0.2-8 | 200.00 | 216.00 | 416.00 | NOTE | |
r-oldrel-macos-arm64 | 0.2-8 | 76.00 | NOTE | |||
r-oldrel-macos-x86_64 | 0.2-8 | 89.00 | NOTE | |||
r-oldrel-windows-ix86+x86_64 | 0.2-8 | 271.00 | 221.00 | 492.00 | NOTE |
Version: 0.2-8
Check: installed package size
Result: NOTE
installed size is 11.4Mb
sub-directories of 1Mb or more:
libs 11.3Mb
Flavors: r-devel-windows-x86_64, r-release-macos-arm64, r-release-macos-x86_64, r-release-windows-x86_64, r-oldrel-macos-arm64, r-oldrel-macos-x86_64, r-oldrel-windows-ix86+x86_64