Last updated on 2021-01-16 06:51:16 CET.
Flavor | Version | Tinstall | Tcheck | Ttotal | Status | Flags |
---|---|---|---|---|---|---|
r-devel-linux-x86_64-debian-clang | 2.1.0 | 14.92 | 98.27 | 113.19 | OK | |
r-devel-linux-x86_64-debian-gcc | 2.1.0 | 10.95 | 73.28 | 84.23 | OK | |
r-devel-linux-x86_64-fedora-clang | 2.1.0 | 144.73 | OK | |||
r-devel-linux-x86_64-fedora-gcc | 2.1.0 | 126.05 | OK | |||
r-devel-windows-ix86+x86_64 | 2.1.0 | 28.00 | 134.00 | 162.00 | OK | |
r-patched-linux-x86_64 | 2.1.0 | 12.87 | 87.14 | 100.01 | OK | |
r-patched-solaris-x86 | 2.1.0 | 193.90 | OK | |||
r-release-linux-x86_64 | 2.1.0 | 11.83 | 87.34 | 99.17 | OK | |
r-release-macos-x86_64 | 2.1.0 | WARN | ||||
r-release-windows-ix86+x86_64 | 2.1.0 | 29.00 | 121.00 | 150.00 | OK | |
r-oldrel-macos-x86_64 | 2.1.0 | OK | ||||
r-oldrel-windows-ix86+x86_64 | 2.1.0 | 38.00 | 105.00 | 143.00 | OK |
Version: 2.1.0
Check: data for ASCII and uncompressed saves
Result: WARN
Note: significantly better compression could be obtained
by using R CMD build --resave-data
old_size new_size compress
cgps.rda 1.5Mb 1.4Mb xz
Flavor: r-release-macos-x86_64