CRAN Package Check Results for Package magick

Last updated on 2020-11-24 06:46:49 CET.

Flavor Version Tinstall Tcheck Ttotal Status Flags
r-devel-linux-x86_64-debian-clang 2.5.2 199.55 191.54 391.09 OK
r-devel-linux-x86_64-debian-gcc 2.5.2 187.07 115.22 302.29 OK
r-devel-linux-x86_64-fedora-clang 2.5.2 528.93 NOTE
r-devel-linux-x86_64-fedora-gcc 2.5.2 432.73 NOTE
r-devel-windows-ix86+x86_64 2.5.2 359.00 409.00 768.00 NOTE
r-patched-linux-x86_64 2.5.2 231.38 146.16 377.54 OK
r-patched-solaris-x86 2.5.2 261.40 WARN
r-release-linux-x86_64 2.5.2 230.61 144.94 375.55 OK
r-release-macos-x86_64 2.5.2 NOTE
r-release-windows-ix86+x86_64 2.5.2 279.00 330.00 609.00 NOTE
r-oldrel-macos-x86_64 2.5.2 NOTE
r-oldrel-windows-ix86+x86_64 2.5.2 311.00 366.00 677.00 NOTE

Check Details

Version: 2.5.2
Check: installed package size
Result: NOTE
     installed size is 14.4Mb
     sub-directories of 1Mb or more:
     doc 6.5Mb
     libs 7.5Mb
Flavors: r-devel-linux-x86_64-fedora-clang, r-devel-windows-ix86+x86_64, r-patched-solaris-x86, r-release-macos-x86_64, r-release-windows-ix86+x86_64, r-oldrel-macos-x86_64, r-oldrel-windows-ix86+x86_64

Version: 2.5.2
Check: top-level files
Result: NOTE
     possible bashism in configure line 17 ('command' with option other than -p):
     if [ `command -v pkg-config` ]; then
     possible bashism in configure line 20 ('command' with option other than -p):
     elif [ `command -v Magick++-config` ]; then
     possible bashism in configure line 26 ('command' with option other than -p):
     if [ -z "$PKGCONFIG_LIBS" ] && [ `command -v GraphicsMagick++-config` ]; then
Flavors: r-devel-linux-x86_64-fedora-clang, r-devel-linux-x86_64-fedora-gcc

Version: 2.5.2
Check: package dependencies
Result: NOTE
    Packages suggested but not available for checking:
     'av', 'rsvg', 'tesseract', 'gifski'
Flavor: r-patched-solaris-x86

Version: 2.5.2
Check: re-building of vignette outputs
Result: WARN
    Error(s) in re-building vignettes:
     ...
    --- re-building ‘intro.Rmd’ using rmarkdown
    Warning in engine$weave(file, quiet = quiet, encoding = enc) :
     Pandoc (>= 1.12.3) and/or pandoc-citeproc not available. Falling back to R Markdown v1.
    Warning in library(package, lib.loc = lib.loc, character.only = TRUE, logical.return = TRUE, :
     there is no package called 'rsvg'
    Warning in library(package, lib.loc = lib.loc, character.only = TRUE, logical.return = TRUE, :
     there is no package called 'rsvg'
    Quitting from lines 227-236 (intro.Rmd)
    Error: processing vignette 'intro.Rmd' failed with diagnostics:
    R: non-conforming drawing primitive definition `text' @ error/draw.c/RenderMVGContent/4372
    --- failed re-building ‘intro.Rmd’
    
    SUMMARY: processing the following file failed:
     ‘intro.Rmd’
    
    Error: Vignette re-building failed.
    Execution halted
Flavor: r-patched-solaris-x86