CRAN Package Check Results for Package magree

Last updated on 2020-08-05 06:47:27 CEST.

Flavor Version Tinstall Tcheck Ttotal Status Flags
r-devel-linux-x86_64-debian-clang 1.0 3.18 25.22 28.40 OK
r-devel-linux-x86_64-debian-gcc 1.0 2.85 19.67 22.52 OK
r-devel-linux-x86_64-fedora-clang 1.0 44.87 NOTE
r-devel-linux-x86_64-fedora-gcc 1.0 35.41 NOTE
r-devel-windows-ix86+x86_64 1.0 13.00 47.00 60.00 OK
r-patched-linux-x86_64 1.0 3.56 24.73 28.29 OK
r-patched-solaris-x86 1.0 54.20 OK
r-release-linux-x86_64 1.0 3.40 24.81 28.21 OK
r-release-macos-x86_64 1.0 OK
r-release-windows-ix86+x86_64 1.0 10.00 56.00 66.00 OK
r-oldrel-macos-x86_64 1.0 OK
r-oldrel-windows-ix86+x86_64 1.0 10.00 67.00 77.00 OK

Check Details

Version: 1.0
Check: compiled code
Result: NOTE
    File ‘magree/libs/magree.so’:
     Found no calls to: ‘R_registerRoutines’, ‘R_useDynamicSymbols’
    
    It is good practice to register native routines and to disable symbol
    search.
    
    See ‘Writing portable packages’ in the ‘Writing R Extensions’ manual.
Flavors: r-devel-linux-x86_64-fedora-clang, r-devel-linux-x86_64-fedora-gcc