CRAN Package Check Results for Package maic

Last updated on 2020-08-13 06:47:33 CEST.

Flavor Version Tinstall Tcheck Ttotal Status Flags
r-devel-linux-x86_64-debian-clang 0.1.2 0.40 2.13 2.53 ERROR
r-devel-linux-x86_64-debian-gcc 0.1.2 2.60 27.44 30.04 OK
r-devel-linux-x86_64-fedora-clang 0.1.2 54.84 OK
r-devel-linux-x86_64-fedora-gcc 0.1.2 44.97 OK
r-devel-windows-ix86+x86_64 0.1.2 15.00 67.00 82.00 OK
r-patched-linux-x86_64 0.1.2 2.03 35.11 37.14 OK
r-patched-solaris-x86 0.1.2 68.50 OK
r-release-linux-x86_64 0.1.2 0.34 2.39 2.73 ERROR
r-release-macos-x86_64 0.1.2 OK
r-release-windows-ix86+x86_64 0.1.2 10.00 63.00 73.00 OK
r-oldrel-macos-x86_64 0.1.2 OK
r-oldrel-windows-ix86+x86_64 0.1.2 7.00 48.00 55.00 OK

Check Details

Version: 0.1.2
Check: package dependencies
Result: ERROR
    Package required but not available: 'weights'
    
    See section 'The DESCRIPTION file' in the 'Writing R Extensions'
    manual.
Flavors: r-devel-linux-x86_64-debian-clang, r-release-linux-x86_64