CRAN Package Check Results for Package manipulateWidget

Last updated on 2020-08-11 06:47:26 CEST.

Flavor Version Tinstall Tcheck Ttotal Status Flags
r-devel-linux-x86_64-debian-clang 0.10.1 5.65 54.36 60.01 OK
r-devel-linux-x86_64-debian-gcc 0.10.1 4.70 42.50 47.20 OK
r-devel-linux-x86_64-fedora-clang 0.10.1 79.87 OK
r-devel-linux-x86_64-fedora-gcc 0.10.1 79.57 OK
r-devel-windows-ix86+x86_64 0.10.1 14.00 107.00 121.00 OK
r-patched-linux-x86_64 0.10.1 6.38 54.09 60.47 OK
r-patched-solaris-x86 0.10.1 106.90 WARN
r-release-linux-x86_64 0.10.1 5.84 54.62 60.46 OK
r-release-macos-x86_64 0.10.1 WARN
r-release-windows-ix86+x86_64 0.10.1 19.00 98.00 117.00 OK
r-oldrel-macos-x86_64 0.10.1 WARN
r-oldrel-windows-ix86+x86_64 0.10.1 11.00 75.00 86.00 OK

Check Details

Version: 0.10.1
Check: re-building of vignette outputs
Result: WARN
    Error(s) in re-building vignettes:
     ...
    --- re-building ‘manipulateWidgets.Rmd’ using rmarkdown
    Warning in engine$weave(file, quiet = quiet, encoding = enc) :
     Pandoc (>= 1.12.3) and/or pandoc-citeproc not available. Falling back to R Markdown v1.
    Warning in normalizePath(f2) :
     path[1]="webshot733556301310.png": No such file or directory
    Warning in file(con, "rb") :
     cannot open file 'webshot733556301310.png': No such file or directory
    Quitting from lines 61-68 (manipulateWidgets.Rmd)
    Error: processing vignette 'manipulateWidgets.Rmd' failed with diagnostics:
    cannot open the connection
    --- failed re-building ‘manipulateWidgets.Rmd’
    
    SUMMARY: processing the following file failed:
     ‘manipulateWidgets.Rmd’
    
    Error: Vignette re-building failed.
    Execution halted
Flavor: r-patched-solaris-x86

Version: 0.10.1
Check: re-building of vignette outputs
Result: WARN
    Error(s) in re-building vignettes:
     ...
    --- re-building ‘manipulateWidgets.Rmd’ using rmarkdown
    Warning in engine$weave(file, quiet = quiet, encoding = enc) :
     Pandoc (>= 1.12.3) and/or pandoc-citeproc not available. Falling back to R Markdown v1.
    Warning in normalizePath(f2) :
     path[1]="webshot12cb234a35ec4.png": No such file or directory
    Warning in file(con, "rb") :
     cannot open file 'webshot12cb234a35ec4.png': No such file or directory
    Quitting from lines 61-68 (manipulateWidgets.Rmd)
    Error: processing vignette 'manipulateWidgets.Rmd' failed with diagnostics:
    cannot open the connection
    --- failed re-building ‘manipulateWidgets.Rmd’
    
    SUMMARY: processing the following file failed:
     ‘manipulateWidgets.Rmd’
    
    Error: Vignette re-building failed.
    Execution halted
Flavor: r-release-macos-x86_64

Version: 0.10.1
Check: re-building of vignette outputs
Result: WARN
    Error(s) in re-building vignettes:
     ...
    --- re-building ‘manipulateWidgets.Rmd’ using rmarkdown
    Warning in engine$weave(file, quiet = quiet, encoding = enc) :
     Pandoc (>= 1.12.3) and/or pandoc-citeproc not available. Falling back to R Markdown v1.
    Warning in normalizePath(f2) :
     path[1]="webshot9723ea5db42.png": No such file or directory
    Warning in file(con, "rb") :
     cannot open file 'webshot9723ea5db42.png': No such file or directory
    Quitting from lines 61-68 (manipulateWidgets.Rmd)
    Error: processing vignette 'manipulateWidgets.Rmd' failed with diagnostics:
    cannot open the connection
    --- failed re-building ‘manipulateWidgets.Rmd’
    
    SUMMARY: processing the following file failed:
     ‘manipulateWidgets.Rmd’
    
    Error: Vignette re-building failed.
    Execution halted
Flavor: r-oldrel-macos-x86_64