Last updated on 2021-01-18 06:46:38 CET.
Flavor | Version | Tinstall | Tcheck | Ttotal | Status | Flags |
---|---|---|---|---|---|---|
r-devel-linux-x86_64-debian-clang | 0.3.2 | 14.31 | 153.66 | 167.97 | OK | |
r-devel-linux-x86_64-debian-gcc | 0.3.2 | 13.47 | 110.63 | 124.10 | OK | |
r-devel-linux-x86_64-fedora-clang | 0.3.2 | 200.71 | OK | |||
r-devel-linux-x86_64-fedora-gcc | 0.3.2 | 186.32 | OK | |||
r-devel-windows-ix86+x86_64 | 0.3.2 | 26.00 | 154.00 | 180.00 | OK | |
r-patched-linux-x86_64 | 0.3.2 | 15.67 | 134.88 | 150.55 | OK | |
r-patched-solaris-x86 | 0.3.2 | 268.50 | OK | |||
r-release-linux-x86_64 | 0.3.2 | 15.07 | 133.47 | 148.54 | WARN | |
r-release-macos-x86_64 | 0.3.2 | OK | ||||
r-release-windows-ix86+x86_64 | 0.3.2 | 29.00 | 144.00 | 173.00 | OK | |
r-oldrel-macos-x86_64 | 0.3.2 | OK | ||||
r-oldrel-windows-ix86+x86_64 | 0.3.2 | 30.00 | 120.00 | 150.00 | OK |
Version: 0.3.2
Check: re-building of vignette outputs
Result: WARN
Error(s) in re-building vignettes:
...
--- re-building ‘manymodelr_vignette.rmd’ using rmarkdown
Could not fetch https://zenodo.org/badge/DOI/10.5281/zenodo.3891106.svg
HttpExceptionRequest Request {
host = "zenodo.org"
port = 443
secure = True
requestHeaders = []
path = "/badge/DOI/10.5281/zenodo.3891106.svg"
queryString = ""
method = "GET"
proxy = Nothing
rawBody = False
redirectCount = 10
responseTimeout = ResponseTimeoutDefault
requestVersion = HTTP/1.1
}
ResponseTimeout
Error: processing vignette 'manymodelr_vignette.rmd' failed with diagnostics:
pandoc document conversion failed with error 61
--- failed re-building ‘manymodelr_vignette.rmd’
SUMMARY: processing the following file failed:
‘manymodelr_vignette.rmd’
Error: Vignette re-building failed.
Execution halted
Flavor: r-release-linux-x86_64