CRAN Package Check Results for Package manymodelr

Last updated on 2022-01-17 06:53:21 CET.

Flavor Version Tinstall Tcheck Ttotal Status Flags
r-devel-linux-x86_64-debian-clang 0.3.7 13.84 164.19 178.03 OK
r-devel-linux-x86_64-debian-gcc 0.3.7 13.94 126.33 140.27 OK
r-devel-linux-x86_64-fedora-clang 0.3.7 219.00 OK
r-devel-linux-x86_64-fedora-gcc 0.3.7 204.25 OK
r-devel-windows-x86_64-new-UL 0.3.7 103.00 197.00 300.00 OK
r-devel-windows-x86_64-new-TK 0.3.7 ERROR
r-patched-linux-x86_64 0.3.7 14.81 170.16 184.97 OK
r-release-linux-x86_64 0.3.7 OK
r-release-macos-arm64 0.3.7 OK
r-release-macos-x86_64 0.3.7 OK
r-release-windows-ix86+x86_64 0.3.7 38.00 209.00 247.00 OK
r-oldrel-macos-x86_64 0.3.7 OK
r-oldrel-windows-ix86+x86_64 0.3.7 38.00 210.00 248.00 OK

Check Details

Version: 0.3.7
Check: package dependencies
Result: ERROR
    Package required but not available: 'lme4'
    
    See section 'The DESCRIPTION file' in the 'Writing R Extensions'
    manual.
Flavor: r-devel-windows-x86_64-new-TK