Last updated on 2023-03-30 06:53:20 CEST.
Flavor | Version | Tinstall | Tcheck | Ttotal | Status | Flags |
---|---|---|---|---|---|---|
r-devel-linux-x86_64-debian-clang | 1.0.0 | 2.23 | 22.70 | 24.93 | OK | |
r-devel-linux-x86_64-debian-gcc | 1.0.0 | 1.74 | 18.15 | 19.89 | OK | |
r-devel-linux-x86_64-fedora-clang | 1.0.0 | 32.16 | NOTE | |||
r-devel-linux-x86_64-fedora-gcc | 1.0.0 | 30.86 | NOTE | |||
r-devel-windows-x86_64 | 1.0.0 | 10.00 | 0.00 | 10.00 | OK | |
r-patched-linux-x86_64 | 1.0.0 | 1.57 | 22.01 | 23.58 | OK | |
r-release-linux-x86_64 | 1.0.0 | 1.74 | 23.53 | 25.27 | OK | |
r-release-macos-arm64 | 1.0.0 | 20.00 | NOTE | |||
r-release-macos-x86_64 | 1.0.0 | 25.00 | NOTE | |||
r-release-windows-x86_64 | 1.0.0 | 11.00 | 54.00 | 65.00 | OK | |
r-oldrel-macos-arm64 | 1.0.0 | 19.00 | NOTE | |||
r-oldrel-macos-x86_64 | 1.0.0 | 25.00 | NOTE | |||
r-oldrel-windows-ix86+x86_64 | 1.0.0 | 6.00 | 53.00 | 59.00 | OK |
Version: 1.0.0
Check: dependencies in R code
Result: NOTE
Namespace in Imports field not imported from: ‘pbmcapply’
All declared Imports should be used.
Flavors: r-devel-linux-x86_64-fedora-clang, r-devel-linux-x86_64-fedora-gcc, r-release-macos-arm64, r-release-macos-x86_64, r-oldrel-macos-arm64, r-oldrel-macos-x86_64