Last updated on 2021-01-17 06:46:53 CET.
Flavor | Version | Tinstall | Tcheck | Ttotal | Status | Flags |
---|---|---|---|---|---|---|
r-devel-linux-x86_64-debian-clang | 0.5.2 | 6.35 | 56.31 | 62.66 | OK | |
r-devel-linux-x86_64-debian-gcc | 0.5.2 | 4.75 | 45.37 | 50.12 | OK | |
r-devel-linux-x86_64-fedora-clang | 0.5.2 | 12.37 | ERROR | |||
r-devel-linux-x86_64-fedora-gcc | 0.5.2 | 2.41 | ERROR | |||
r-devel-windows-ix86+x86_64 | 0.5.2 | 11.00 | 66.00 | 77.00 | OK | |
r-patched-linux-x86_64 | 0.5.2 | 6.08 | 55.29 | 61.37 | OK | |
r-patched-solaris-x86 | 0.5.2 | 4.40 | ERROR | |||
r-release-linux-x86_64 | 0.5.2 | 6.42 | 55.23 | 61.65 | OK | |
r-release-macos-x86_64 | 0.5.2 | OK | ||||
r-release-windows-ix86+x86_64 | 0.5.2 | 13.00 | 60.00 | 73.00 | OK | |
r-oldrel-macos-x86_64 | 0.5.2 | OK | ||||
r-oldrel-windows-ix86+x86_64 | 0.5.2 | 12.00 | 72.00 | 84.00 | OK |
Version: 0.5.2
Check: package dependencies
Result: ERROR
Package required but not available: ‘spocc’
Package suggested but not available for checking: ‘rgbif’
See section ‘The DESCRIPTION file’ in the ‘Writing R Extensions’
manual.
Flavors: r-devel-linux-x86_64-fedora-clang, r-devel-linux-x86_64-fedora-gcc, r-patched-solaris-x86