CRAN Package Check Results for Package mapsf

Last updated on 2021-06-13 06:49:54 CEST.

Flavor Version Tinstall Tcheck Ttotal Status Flags
r-devel-linux-x86_64-debian-clang 0.2.0 22.41 90.48 112.89 OK
r-devel-linux-x86_64-debian-gcc 0.2.0 16.86 67.07 83.93 OK
r-devel-linux-x86_64-fedora-clang 0.2.0 152.98 OK
r-devel-linux-x86_64-fedora-gcc 0.2.0 135.91 OK
r-devel-windows-x86_64 0.2.0 36.00 124.00 160.00 OK
r-devel-windows-x86_64-gcc10-UCRT 0.2.0 ERROR
r-patched-linux-x86_64 0.2.0 21.22 85.22 106.44 OK
r-patched-solaris-x86 0.2.0 171.90 OK
r-release-linux-x86_64 0.2.0 21.84 86.17 108.01 OK
r-release-macos-arm64 0.2.0 OK
r-release-macos-x86_64 0.2.0 OK
r-release-windows-ix86+x86_64 0.2.0 46.00 159.00 205.00 OK
r-oldrel-macos-x86_64 0.2.0 OK
r-oldrel-windows-ix86+x86_64 0.2.0 55.00 160.00 215.00 OK

Check Details

Version: 0.2.0
Check: package dependencies
Result: ERROR
    Package required but not available: 'sf'
    
    Package suggested but not available for checking: 'lwgeom'
    
    See section 'The DESCRIPTION file' in the 'Writing R Extensions'
    manual.
Flavor: r-devel-windows-x86_64-gcc10-UCRT