Last updated on 2022-06-26 06:50:41 CEST.
Flavor | Version | Tinstall | Tcheck | Ttotal | Status | Flags |
---|---|---|---|---|---|---|
r-devel-linux-x86_64-debian-clang | 2.1.10 | 8.71 | 74.53 | 83.24 | NOTE | |
r-devel-linux-x86_64-debian-gcc | 2.1.10 | 6.85 | 57.17 | 64.02 | NOTE | |
r-devel-linux-x86_64-fedora-clang | 2.1.10 | 110.21 | NOTE | |||
r-devel-linux-x86_64-fedora-gcc | 2.1.10 | 108.37 | NOTE | |||
r-devel-windows-x86_64 | 2.1.10 | 50.00 | 142.00 | 192.00 | NOTE | |
r-patched-linux-x86_64 | 2.1.10 | 9.01 | 70.48 | 79.49 | OK | |
r-release-linux-x86_64 | 2.1.10 | 8.16 | 70.73 | 78.89 | OK | |
r-release-macos-arm64 | 2.1.10 | 42.00 | OK | |||
r-release-macos-x86_64 | 2.1.10 | 55.00 | OK | |||
r-release-windows-x86_64 | 2.1.10 | 47.00 | 141.00 | 188.00 | OK | |
r-oldrel-macos-arm64 | 2.1.10 | 63.00 | OK | |||
r-oldrel-macos-x86_64 | 2.1.10 | 84.00 | OK | |||
r-oldrel-windows-ix86+x86_64 | 2.1.10 | 20.00 | 136.00 | 156.00 | OK |
Version: 2.1.10
Check: Rd files
Result: NOTE
checkRd: (-1) sw_sfac.Rd:24: Escaped LaTeX specials: \_
Flavors: r-devel-linux-x86_64-debian-clang, r-devel-linux-x86_64-debian-gcc, r-devel-linux-x86_64-fedora-clang, r-devel-linux-x86_64-fedora-gcc, r-devel-windows-x86_64