CRAN Package Check Results for Package margaret

Last updated on 2022-10-02 07:54:30 CEST.

Flavor Version Tinstall Tcheck Ttotal Status Flags
r-devel-linux-x86_64-debian-clang 0.1.3 29.99 184.25 214.24 OK
r-devel-linux-x86_64-debian-gcc 0.1.3 24.30 134.88 159.18 OK
r-devel-linux-x86_64-fedora-clang 0.1.3 285.96 NOTE
r-devel-linux-x86_64-fedora-gcc 0.1.3 268.09 NOTE
r-devel-windows-x86_64 0.1.3 48.00 193.00 241.00 NOTE
r-patched-linux-x86_64 0.1.3 20.95 174.39 195.34 OK
r-release-linux-x86_64 0.1.3 21.73 176.00 197.73 OK
r-release-macos-arm64 0.1.3 63.00 NOTE
r-release-macos-x86_64 0.1.3 97.00 NOTE
r-release-windows-x86_64 0.1.3 44.00 196.00 240.00 NOTE
r-oldrel-macos-arm64 0.1.3 64.00 NOTE
r-oldrel-macos-x86_64 0.1.3 92.00 NOTE
r-oldrel-windows-ix86+x86_64 0.1.3 60.00 195.00 255.00 NOTE

Check Details

Version: 0.1.3
Check: installed package size
Result: NOTE
     installed size is 5.2Mb
     sub-directories of 1Mb or more:
     data 5.0Mb
Flavors: r-devel-linux-x86_64-fedora-clang, r-devel-windows-x86_64, r-release-macos-arm64, r-release-macos-x86_64, r-release-windows-x86_64, r-oldrel-macos-arm64, r-oldrel-macos-x86_64, r-oldrel-windows-ix86+x86_64

Version: 0.1.3
Check: data for non-ASCII characters
Result: NOTE
     Note: found 521 marked UTF-8 strings
Flavors: r-devel-linux-x86_64-fedora-clang, r-devel-linux-x86_64-fedora-gcc, r-release-macos-arm64, r-release-macos-x86_64, r-oldrel-macos-arm64, r-oldrel-macos-x86_64