Last updated on 2023-06-02 06:53:49 CEST.
Flavor | Version | Tinstall | Tcheck | Ttotal | Status | Flags |
---|---|---|---|---|---|---|
r-devel-linux-x86_64-debian-clang | 0.1.1 | 63.63 | 106.98 | 170.61 | NOTE | |
r-devel-linux-x86_64-debian-gcc | 0.1.1 | 49.05 | 77.52 | 126.57 | NOTE | |
r-devel-linux-x86_64-fedora-clang | 0.1.1 | 218.51 | NOTE | |||
r-devel-linux-x86_64-fedora-gcc | 0.1.1 | 221.51 | NOTE | |||
r-devel-windows-x86_64 | 0.1.1 | 48.00 | 122.00 | 170.00 | NOTE | |
r-patched-linux-x86_64 | 0.1.1 | NOTE | ||||
r-release-linux-x86_64 | 0.1.1 | 51.50 | 96.57 | 148.07 | NOTE | |
r-release-macos-arm64 | 0.1.1 | 72.00 | NOTE | |||
r-release-macos-x86_64 | 0.1.1 | 123.00 | NOTE | |||
r-release-windows-x86_64 | 0.1.1 | 66.00 | 135.00 | 201.00 | NOTE | |
r-oldrel-macos-arm64 | 0.1.1 | 62.00 | NOTE | |||
r-oldrel-macos-x86_64 | 0.1.1 | 87.00 | NOTE | |||
r-oldrel-windows-x86_64 | 0.1.1 | 60.00 | 137.00 | 197.00 | NOTE |
Version: 0.1.1
Check: C++ specification
Result: NOTE
Specified C++11: please drop specification unless essential
Flavors: r-devel-linux-x86_64-debian-clang, r-devel-linux-x86_64-debian-gcc, r-devel-linux-x86_64-fedora-clang, r-devel-linux-x86_64-fedora-gcc, r-devel-windows-x86_64, r-patched-linux-x86_64, r-release-linux-x86_64, r-release-macos-arm64, r-release-macos-x86_64, r-release-windows-x86_64
Version: 0.1.1
Check: installed package size
Result: NOTE
installed size is 5.3Mb
sub-directories of 1Mb or more:
examples 2.7Mb
libs 1.3Mb
Flavors: r-devel-windows-x86_64, r-release-macos-arm64, r-release-macos-x86_64, r-release-windows-x86_64, r-oldrel-macos-arm64, r-oldrel-macos-x86_64, r-oldrel-windows-x86_64