CRAN Package Check Results for Package markovchain

Last updated on 2024-06-13 06:58:08 CEST.

Flavor Version Tinstall Tcheck Ttotal Status Flags
r-devel-linux-x86_64-debian-clang 0.9.5 193.96 320.17 514.13 NOTE
r-devel-linux-x86_64-debian-gcc 0.9.5 0.46 2.02 2.48 ERROR
r-devel-linux-x86_64-fedora-clang 0.9.5 706.46 NOTE
r-devel-linux-x86_64-fedora-gcc 0.9.5 691.43 NOTE
r-devel-windows-x86_64 0.9.5 142.00 343.00 485.00 NOTE
r-patched-linux-x86_64 0.9.5 170.51 303.44 473.95 NOTE
r-release-linux-x86_64 0.9.5 166.11 308.94 475.05 NOTE
r-release-macos-arm64 0.9.5 157.00 NOTE
r-release-macos-x86_64 0.9.5 222.00 NOTE
r-release-windows-x86_64 0.9.5 144.00 342.00 486.00 NOTE
r-oldrel-macos-arm64 0.9.5 160.00 NOTE
r-oldrel-macos-x86_64 0.9.5 428.00 NOTE
r-oldrel-windows-x86_64 0.9.5 177.00 383.00 560.00 NOTE

Check Details

Version: 0.9.5
Check: Rd files
Result: NOTE checkRd: (-1) markovchainFit.Rd:31: Lost braces; missing escapes or markup? 31 | \item{stringchar}{It can be a {n x n} matrix or a character vector or a list} | ^ checkRd: (-1) markovchainFit.Rd:39: Lost braces; missing escapes or markup? 39 | \item{data}{It can be a character vector or a {n x n} matrix or a {n x n} data frame or a list} | ^ checkRd: (-1) markovchainFit.Rd:39: Lost braces; missing escapes or markup? 39 | \item{data}{It can be a character vector or a {n x n} matrix or a {n x n} data frame or a list} | ^ checkRd: (-1) markovchainFit.Rd:61: Lost braces; missing escapes or markup? 61 | {k x k} where k is the number of states in the chain and the values | ^ Flavors: r-devel-linux-x86_64-debian-clang, r-devel-linux-x86_64-fedora-clang, r-devel-linux-x86_64-fedora-gcc, r-devel-windows-x86_64, r-patched-linux-x86_64, r-release-linux-x86_64, r-release-macos-arm64, r-release-macos-x86_64, r-release-windows-x86_64

Version: 0.9.5
Check: for GNU extensions in Makefiles
Result: NOTE GNU make is a SystemRequirements. Flavors: r-devel-linux-x86_64-debian-clang, r-devel-linux-x86_64-fedora-clang, r-devel-linux-x86_64-fedora-gcc, r-devel-windows-x86_64, r-patched-linux-x86_64, r-release-linux-x86_64, r-release-macos-arm64, r-release-macos-x86_64, r-release-windows-x86_64, r-oldrel-macos-arm64, r-oldrel-macos-x86_64, r-oldrel-windows-x86_64

Version: 0.9.5
Check: package dependencies
Result: ERROR Package required but not available: ‘igraph’ Packages suggested but not available for checking: 'testthat', 'DiagrammeR' See section ‘The DESCRIPTION file’ in the ‘Writing R Extensions’ manual. Flavor: r-devel-linux-x86_64-debian-gcc

Version: 0.9.5
Check: installed package size
Result: NOTE installed size is 9.9Mb sub-directories of 1Mb or more: libs 8.3Mb Flavors: r-release-macos-arm64, r-release-macos-x86_64, r-oldrel-macos-arm64, r-oldrel-macos-x86_64