Last updated on 2021-01-28 06:49:58 CET.
Flavor | Version | Tinstall | Tcheck | Ttotal | Status | Flags |
---|---|---|---|---|---|---|
r-devel-linux-x86_64-debian-clang | 0.8.5-4 | 183.06 | 329.54 | 512.60 | OK | |
r-devel-linux-x86_64-debian-gcc | 0.8.5-4 | 118.33 | 237.82 | 356.15 | OK | |
r-devel-linux-x86_64-fedora-clang | 0.8.5-4 | 639.15 | NOTE | |||
r-devel-linux-x86_64-fedora-gcc | 0.8.5-4 | 617.60 | OK | |||
r-devel-windows-ix86+x86_64 | 0.8.5-4 | 399.00 | 389.00 | 788.00 | OK | |
r-patched-linux-x86_64 | 0.8.5-4 | 142.58 | 310.51 | 453.09 | OK | |
r-patched-solaris-x86 | 0.8.5-4 | 647.00 | OK | |||
r-release-linux-x86_64 | 0.8.5-4 | 149.62 | 305.50 | 455.12 | OK | |
r-release-macos-x86_64 | 0.8.5-4 | NOTE | ||||
r-release-windows-ix86+x86_64 | 0.8.5-4 | 388.00 | 357.00 | 745.00 | OK | |
r-oldrel-macos-x86_64 | 0.8.5-4 | NOTE | ||||
r-oldrel-windows-ix86+x86_64 | 0.8.5-4 | 268.00 | 517.00 | 785.00 | OK |
Version: 0.8.5-4
Check: installed package size
Result: NOTE
installed size is 12.3Mb
sub-directories of 1Mb or more:
libs 10.6Mb
Flavors: r-devel-linux-x86_64-fedora-clang, r-release-macos-x86_64, r-oldrel-macos-x86_64