Last updated on 2023-04-01 07:10:43 CEST.
Flavor | Version | Tinstall | Tcheck | Ttotal | Status | Flags |
---|---|---|---|---|---|---|
r-devel-linux-x86_64-debian-clang | 0.3.0 | 5.04 | 56.54 | 61.58 | NOTE | |
r-devel-linux-x86_64-debian-gcc | 0.3.0 | 3.87 | 42.65 | 46.52 | NOTE | |
r-devel-linux-x86_64-fedora-clang | 0.3.0 | 75.55 | NOTE | |||
r-devel-linux-x86_64-fedora-gcc | 0.3.0 | 86.78 | NOTE | |||
r-devel-windows-x86_64 | 0.3.0 | 18.00 | 0.00 | 18.00 | FAIL | |
r-patched-linux-x86_64 | 0.3.0 | 4.85 | 52.93 | 57.78 | NOTE | |
r-release-linux-x86_64 | 0.3.0 | 2.93 | 55.86 | 58.79 | NOTE | |
r-release-macos-arm64 | 0.3.0 | 27.00 | NOTE | |||
r-release-macos-x86_64 | 0.3.0 | 45.00 | NOTE | |||
r-release-windows-x86_64 | 0.3.0 | 13.00 | 93.00 | 106.00 | NOTE | |
r-oldrel-macos-arm64 | 0.3.0 | 27.00 | NOTE | |||
r-oldrel-macos-x86_64 | 0.3.0 | 40.00 | NOTE | |||
r-oldrel-windows-ix86+x86_64 | 0.3.0 | 12.00 | 90.00 | 102.00 | NOTE |
Version: 0.3.0
Check: LazyData
Result: NOTE
'LazyData' is specified without a 'data' directory
Flavors: r-devel-linux-x86_64-debian-clang, r-devel-linux-x86_64-debian-gcc, r-devel-linux-x86_64-fedora-clang, r-devel-linux-x86_64-fedora-gcc, r-devel-windows-x86_64, r-patched-linux-x86_64, r-release-linux-x86_64, r-release-macos-arm64, r-release-macos-x86_64, r-release-windows-x86_64, r-oldrel-macos-arm64, r-oldrel-macos-x86_64, r-oldrel-windows-ix86+x86_64
Version: 0.3.0
Check: S3 generic/method consistency
Result: WARN
Mingw-w64 runtime failure:
VirtualProtect failed with code 0x5af
See section 'Generic functions and methods' in the 'Writing R
Extensions' manual.
Flavor: r-devel-windows-x86_64
Version: 0.3.0
Check: replacement functions
Result: WARN
Error in gzfile(file, "rb") : cannot open the connection
Calls: getNamespace -> loadNamespace -> readRDS -> gzfile
In addition: Warning message:
In gzfile(file, "rb") :
cannot open compressed file 'D:/RCompile/recent/R/library/compiler/Meta/nsInfo.rds', probable reason 'Not enough space'
Execution halted
The argument of a replacement function which corresponds to the right
hand side must be named 'value'.
Flavor: r-devel-windows-x86_64
Version: 0.3.0
Check: R code for possible problems
Result: NOTE
During startup - Warning messages:
1: package 'datasets' in options("defaultPackages") was not found
2: package 'utils' in options("defaultPackages") was not found
3: In .getClassesFromCache(Class) :
restarting interrupted promise evaluation
4: package 'stats' in options("defaultPackages") was not found
Flavor: r-devel-windows-x86_64
Version: 0.3.0
Check: re-building of vignette outputs
Result: FAIL
Flavor: r-devel-windows-x86_64