CRAN Package Check Results for Package matricks

Last updated on 2023-04-02 06:50:32 CEST.

Flavor Version Tinstall Tcheck Ttotal Status Flags
r-devel-linux-x86_64-debian-clang 0.8.2 21.97 61.28 83.25 NOTE
r-devel-linux-x86_64-debian-gcc 0.8.2 16.96 45.73 62.69 NOTE
r-devel-linux-x86_64-fedora-clang 0.8.2 113.68 NOTE
r-devel-linux-x86_64-fedora-gcc 0.8.2 114.49 NOTE
r-devel-windows-x86_64 0.8.2 32.00 9.00 41.00 ERROR
r-patched-linux-x86_64 0.8.2 19.02 57.11 76.13 NOTE
r-release-linux-x86_64 0.8.2 21.38 59.47 80.85 NOTE
r-release-macos-arm64 0.8.2 35.00 NOTE
r-release-macos-x86_64 0.8.2 62.00 NOTE
r-release-windows-x86_64 0.8.2 38.00 126.00 164.00 NOTE
r-oldrel-macos-arm64 0.8.2 45.00 NOTE
r-oldrel-macos-x86_64 0.8.2 54.00 NOTE
r-oldrel-windows-ix86+x86_64 0.8.2 56.00 127.00 183.00 NOTE

Check Details

Version: 0.8.2
Check: LazyData
Result: NOTE
     'LazyData' is specified without a 'data' directory
Flavors: r-devel-linux-x86_64-debian-clang, r-devel-linux-x86_64-debian-gcc, r-devel-linux-x86_64-fedora-clang, r-devel-linux-x86_64-fedora-gcc, r-patched-linux-x86_64, r-release-linux-x86_64, r-release-macos-arm64, r-release-macos-x86_64, r-release-windows-x86_64, r-oldrel-macos-arm64, r-oldrel-macos-x86_64, r-oldrel-windows-ix86+x86_64

Version: 0.8.2
Check: whether the package can be loaded
Result: ERROR
    Loading this package had a fatal error status code 301
Flavor: r-devel-windows-x86_64