Last updated on 2021-03-08 06:47:37 CET.
Flavor | Version | Tinstall | Tcheck | Ttotal | Status | Flags |
---|---|---|---|---|---|---|
r-devel-linux-x86_64-debian-clang | 0.58.0 | 164.23 | 201.63 | 365.86 | OK | |
r-devel-linux-x86_64-debian-gcc | 0.58.0 | 111.56 | 149.48 | 261.04 | OK | |
r-devel-linux-x86_64-fedora-clang | 0.58.0 | 480.80 | NOTE | |||
r-devel-linux-x86_64-fedora-gcc | 0.58.0 | 453.01 | OK | |||
r-devel-windows-ix86+x86_64 | 0.58.0 | 402.00 | 466.00 | 868.00 | NOTE | |
r-devel-windows-x86_64-gcc10-UCRT | 0.58.0 | OK | ||||
r-patched-linux-x86_64 | 0.58.0 | 130.10 | 193.48 | 323.58 | OK | |
r-patched-solaris-x86 | 0.58.0 | 1072.10 | NOTE | |||
r-release-linux-x86_64 | 0.58.0 | 169.04 | 196.13 | 365.17 | OK | |
r-release-macos-x86_64 | 0.58.0 | NOTE | ||||
r-release-windows-ix86+x86_64 | 0.58.0 | 399.00 | 340.00 | 739.00 | NOTE | |
r-oldrel-macos-x86_64 | 0.58.0 | NOTE | ||||
r-oldrel-windows-ix86+x86_64 | 0.58.0 | 402.00 | 314.00 | 716.00 | NOTE |
Version: 0.58.0
Check: installed package size
Result: NOTE
installed size is 10.7Mb
sub-directories of 1Mb or more:
libs 9.9Mb
Flavors: r-devel-linux-x86_64-fedora-clang, r-devel-windows-ix86+x86_64, r-patched-solaris-x86, r-release-macos-x86_64, r-release-windows-ix86+x86_64, r-oldrel-macos-x86_64, r-oldrel-windows-ix86+x86_64