CRAN Package Check Results for Package matrixStats

Last updated on 2020-11-25 06:46:46 CET.

Flavor Version Tinstall Tcheck Ttotal Status Flags
r-devel-linux-x86_64-debian-clang 0.57.0 212.03 198.11 410.14 OK
r-devel-linux-x86_64-debian-gcc 0.57.0 214.40 145.21 359.61 OK
r-devel-linux-x86_64-fedora-clang 0.57.0 474.48 NOTE
r-devel-linux-x86_64-fedora-gcc 0.57.0 448.30 OK
r-devel-windows-ix86+x86_64 0.57.0 397.00 433.00 830.00 NOTE
r-patched-linux-x86_64 0.57.0 322.95 189.47 512.42 OK
r-patched-solaris-x86 0.57.0 951.00 NOTE
r-release-linux-x86_64 0.57.0 245.77 188.48 434.25 OK
r-release-macos-x86_64 0.57.0 NOTE
r-release-windows-ix86+x86_64 0.57.0 405.00 399.00 804.00 NOTE
r-oldrel-macos-x86_64 0.57.0 NOTE
r-oldrel-windows-ix86+x86_64 0.57.0 339.00 409.00 748.00 NOTE

Check Details

Version: 0.57.0
Check: installed package size
Result: NOTE
     installed size is 10.7Mb
     sub-directories of 1Mb or more:
     libs 9.9Mb
Flavors: r-devel-linux-x86_64-fedora-clang, r-devel-windows-ix86+x86_64, r-patched-solaris-x86, r-release-macos-x86_64, r-release-windows-ix86+x86_64, r-oldrel-macos-x86_64, r-oldrel-windows-ix86+x86_64