Last updated on 2023-01-27 07:50:37 CET.
Flavor | Version | Tinstall | Tcheck | Ttotal | Status | Flags |
---|---|---|---|---|---|---|
r-devel-linux-x86_64-debian-clang | 1.1.6 | 307.97 | 89.91 | 397.88 | OK | |
r-devel-linux-x86_64-debian-gcc | 1.1.6 | 225.28 | 68.14 | 293.42 | NOTE | |
r-devel-linux-x86_64-fedora-clang | 1.1.6 | 577.26 | OK | |||
r-devel-linux-x86_64-fedora-gcc | 1.1.6 | 504.66 | NOTE | |||
r-patched-linux-x86_64 | 1.1.6 | 232.88 | 78.17 | 311.05 | OK | |
r-release-linux-x86_64 | 1.1.6 | 230.70 | 78.71 | 309.41 | OK | |
r-release-macos-arm64 | 1.1.6 | 117.00 | NOTE | |||
r-release-macos-x86_64 | 1.1.6 | 140.00 | NOTE | |||
r-release-windows-x86_64 | 1.1.6 | 375.00 | 169.00 | 544.00 | OK | |
r-oldrel-macos-arm64 | 1.1.3 | 100.00 | NOTE | |||
r-oldrel-macos-x86_64 | 1.1.3 | 91.00 | NOTE | |||
r-oldrel-windows-ix86+x86_64 | 1.1.3 | 337.00 | 128.00 | 465.00 | OK |
Version: 1.1.6
Check: C++ specification
Result: NOTE
Specified C++11: please update to current default of C++17
Flavors: r-devel-linux-x86_64-debian-gcc, r-devel-linux-x86_64-fedora-gcc
Version: 1.1.6
Check: installed package size
Result: NOTE
installed size is 14.8Mb
sub-directories of 1Mb or more:
libs 13.8Mb
Flavors: r-release-macos-arm64, r-release-macos-x86_64
Version: 1.1.3
Check: installed package size
Result: NOTE
installed size is 10.0Mb
sub-directories of 1Mb or more:
libs 9.4Mb
Flavors: r-oldrel-macos-arm64, r-oldrel-macos-x86_64