Last updated on 2023-02-02 06:54:57 CET.
Flavor | Version | Tinstall | Tcheck | Ttotal | Status | Flags |
---|---|---|---|---|---|---|
r-devel-linux-x86_64-debian-clang | 0.1.9 | 143.63 | 35.95 | 179.58 | NOTE | |
r-devel-linux-x86_64-debian-gcc | 0.1.9 | 125.90 | 27.89 | 153.79 | NOTE | |
r-devel-linux-x86_64-fedora-clang | 0.1.9 | 264.36 | NOTE | |||
r-devel-linux-x86_64-fedora-gcc | 0.1.9 | 280.76 | NOTE | |||
r-patched-linux-x86_64 | 0.1.9 | 128.37 | 35.60 | 163.97 | NOTE | |
r-release-linux-x86_64 | 0.1.9 | 131.87 | 35.31 | 167.18 | NOTE | |
r-release-macos-arm64 | 0.1.9 | 63.00 | NOTE | |||
r-release-macos-x86_64 | 0.1.9 | 85.00 | NOTE | |||
r-release-windows-x86_64 | 0.1.9 | 146.00 | 97.00 | 243.00 | NOTE | |
r-oldrel-macos-arm64 | 0.1.9 | 62.00 | NOTE | |||
r-oldrel-macos-x86_64 | 0.1.9 | 87.00 | NOTE | |||
r-oldrel-windows-ix86+x86_64 | 0.1.9 | 347.00 | 93.00 | 440.00 | NOTE |
Version: 0.1.9
Check: C++ specification
Result: NOTE
Specified C++11: please update to current default of C++17
Flavors: r-devel-linux-x86_64-debian-clang, r-devel-linux-x86_64-debian-gcc, r-devel-linux-x86_64-fedora-clang, r-devel-linux-x86_64-fedora-gcc
Version: 0.1.9
Check: for GNU extensions in Makefiles
Result: NOTE
GNU make is a SystemRequirements.
Flavors: r-devel-linux-x86_64-debian-clang, r-devel-linux-x86_64-debian-gcc, r-devel-linux-x86_64-fedora-clang, r-devel-linux-x86_64-fedora-gcc, r-patched-linux-x86_64, r-release-linux-x86_64, r-release-macos-arm64, r-release-macos-x86_64, r-release-windows-x86_64, r-oldrel-macos-arm64, r-oldrel-macos-x86_64, r-oldrel-windows-ix86+x86_64
Version: 0.1.9
Check: installed package size
Result: NOTE
installed size is 8.5Mb
sub-directories of 1Mb or more:
libs 8.3Mb
Flavors: r-release-macos-arm64, r-release-macos-x86_64, r-oldrel-macos-arm64, r-oldrel-macos-x86_64