Last updated on 2023-03-27 06:50:12 CEST.
Flavor | Version | Tinstall | Tcheck | Ttotal | Status | Flags |
---|---|---|---|---|---|---|
r-devel-linux-x86_64-debian-clang | 1.0.0 | 28.94 | 59.83 | 88.77 | NOTE | |
r-devel-linux-x86_64-debian-gcc | 1.0.0 | 19.52 | 45.54 | 65.06 | NOTE | |
r-devel-linux-x86_64-fedora-clang | 1.0.0 | 118.02 | NOTE | |||
r-devel-linux-x86_64-fedora-gcc | 1.0.0 | 104.80 | NOTE | |||
r-patched-linux-x86_64 | 1.0.0 | 20.83 | 57.11 | 77.94 | NOTE | |
r-release-linux-x86_64 | 1.0.0 | 18.72 | 58.80 | 77.52 | NOTE | |
r-release-macos-arm64 | 1.0.0 | 33.00 | NOTE | |||
r-release-macos-x86_64 | 1.0.0 | 51.00 | NOTE | |||
r-release-windows-x86_64 | 1.0.0 | 33.00 | 117.00 | 150.00 | NOTE | |
r-oldrel-macos-arm64 | 1.0.0 | 42.00 | NOTE | |||
r-oldrel-macos-x86_64 | 1.0.0 | 76.00 | NOTE | |||
r-oldrel-windows-ix86+x86_64 | 1.0.0 | 56.00 | 258.00 | 314.00 | NOTE |
Version: 1.0.0
Check: LazyData
Result: NOTE
'LazyData' is specified without a 'data' directory
Flavors: r-devel-linux-x86_64-debian-clang, r-devel-linux-x86_64-debian-gcc, r-devel-linux-x86_64-fedora-clang, r-devel-linux-x86_64-fedora-gcc, r-patched-linux-x86_64, r-release-linux-x86_64, r-release-macos-arm64, r-release-macos-x86_64, r-release-windows-x86_64, r-oldrel-macos-arm64, r-oldrel-macos-x86_64, r-oldrel-windows-ix86+x86_64
Version: 1.0.0
Check: dependencies in R code
Result: NOTE
Namespace in Imports field not imported from: ‘stats’
All declared Imports should be used.
Flavors: r-devel-linux-x86_64-fedora-clang, r-devel-linux-x86_64-fedora-gcc, r-release-macos-arm64, r-release-macos-x86_64, r-oldrel-macos-arm64, r-oldrel-macos-x86_64