CRAN Package Check Results for Package mazeinda

Last updated on 2024-02-29 06:54:12 CET.

Flavor Version Tinstall Tcheck Ttotal Status Flags
r-devel-linux-x86_64-debian-clang 0.0.2 2.79 28.18 30.97 NOTE --no-vignettes
r-devel-linux-x86_64-debian-gcc 0.0.2 2.02 21.40 23.42 NOTE --no-vignettes
r-devel-linux-x86_64-fedora-clang 0.0.2 1038.77 NOTE
r-devel-linux-x86_64-fedora-gcc 0.0.2 1081.08 NOTE
r-devel-windows-x86_64 0.0.2 3.00 521.00 524.00 NOTE
r-patched-linux-x86_64 0.0.2 2.36 27.33 29.69 OK --no-vignettes
r-release-linux-x86_64 0.0.2 2.81 27.14 29.95 OK --no-vignettes
r-release-macos-arm64 0.0.2 229.00 OK
r-release-macos-x86_64 0.0.2 463.00 OK
r-release-windows-x86_64 0.0.2 3.00 732.00 735.00 NOTE
r-oldrel-macos-arm64 0.0.2 206.00 OK
r-oldrel-windows-x86_64 0.0.2 4.00 666.00 670.00 NOTE

Check Details

Version: 0.0.2
Flags: --no-vignettes
Check: Rd files
Result: NOTE checkRd: (-1) calc_p.Rd:12: Lost braces; missing escapes or markup? 12 | \item{estimator}{string indicating how the parameters $p_{11}$, $p_{01}$, | ^ checkRd: (-1) calc_p.Rd:12: Lost braces; missing escapes or markup? 12 | \item{estimator}{string indicating how the parameters $p_{11}$, $p_{01}$, | ^ checkRd: (-1) calc_p.Rd:13: Lost braces; missing escapes or markup? 13 | $p_{10}$, $p_{00}$ are to be estimated. The default is 'values', which | ^ checkRd: (-1) calc_p.Rd:13: Lost braces; missing escapes or markup? 13 | $p_{10}$, $p_{00}$ are to be estimated. The default is 'values', which | ^ checkRd: (-1) no_null.Rd:15: Lost braces; missing escapes or markup? 15 | \item{estimator}{string indicating how the parameters $p_{11}$, $p_{01}$, | ^ checkRd: (-1) no_null.Rd:15: Lost braces; missing escapes or markup? 15 | \item{estimator}{string indicating how the parameters $p_{11}$, $p_{01}$, | ^ checkRd: (-1) no_null.Rd:16: Lost braces; missing escapes or markup? 16 | $p_{10}$, $p_{00}$ are to be estimated. The default is 'values', which | ^ checkRd: (-1) no_null.Rd:16: Lost braces; missing escapes or markup? 16 | $p_{10}$, $p_{00}$ are to be estimated. The default is 'values', which | ^ checkRd: (-1) tau_p.Rd:13: Lost braces; missing escapes or markup? 13 | \item{estimator}{string indicating how the parameters $p_{11}$, $p_{01}$, | ^ checkRd: (-1) tau_p.Rd:13: Lost braces; missing escapes or markup? 13 | \item{estimator}{string indicating how the parameters $p_{11}$, $p_{01}$, | ^ checkRd: (-1) tau_p.Rd:14: Lost braces; missing escapes or markup? 14 | $p_{10}$ are to be estimated. The default is 'values', which indicates that | ^ Flavors: r-devel-linux-x86_64-debian-clang, r-devel-linux-x86_64-debian-gcc

Version: 0.0.2
Check: Rd files
Result: NOTE checkRd: (-1) calc_p.Rd:12: Lost braces; missing escapes or markup? 12 | \item{estimator}{string indicating how the parameters $p_{11}$, $p_{01}$, | ^ checkRd: (-1) calc_p.Rd:12: Lost braces; missing escapes or markup? 12 | \item{estimator}{string indicating how the parameters $p_{11}$, $p_{01}$, | ^ checkRd: (-1) calc_p.Rd:13: Lost braces; missing escapes or markup? 13 | $p_{10}$, $p_{00}$ are to be estimated. The default is 'values', which | ^ checkRd: (-1) calc_p.Rd:13: Lost braces; missing escapes or markup? 13 | $p_{10}$, $p_{00}$ are to be estimated. The default is 'values', which | ^ checkRd: (-1) no_null.Rd:15: Lost braces; missing escapes or markup? 15 | \item{estimator}{string indicating how the parameters $p_{11}$, $p_{01}$, | ^ checkRd: (-1) no_null.Rd:15: Lost braces; missing escapes or markup? 15 | \item{estimator}{string indicating how the parameters $p_{11}$, $p_{01}$, | ^ checkRd: (-1) no_null.Rd:16: Lost braces; missing escapes or markup? 16 | $p_{10}$, $p_{00}$ are to be estimated. The default is 'values', which | ^ checkRd: (-1) no_null.Rd:16: Lost braces; missing escapes or markup? 16 | $p_{10}$, $p_{00}$ are to be estimated. The default is 'values', which | ^ checkRd: (-1) tau_p.Rd:13: Lost braces; missing escapes or markup? 13 | \item{estimator}{string indicating how the parameters $p_{11}$, $p_{01}$, | ^ checkRd: (-1) tau_p.Rd:13: Lost braces; missing escapes or markup? 13 | \item{estimator}{string indicating how the parameters $p_{11}$, $p_{01}$, | ^ checkRd: (-1) tau_p.Rd:14: Lost braces; missing escapes or markup? 14 | $p_{10}$ are to be estimated. The default is 'values', which indicates that | ^ Flavors: r-devel-linux-x86_64-fedora-clang, r-devel-linux-x86_64-fedora-gcc

Version: 0.0.2
Check: package dependencies
Result: NOTE Package suggested but not available for checking: 'doMC' Flavors: r-devel-windows-x86_64, r-release-windows-x86_64, r-oldrel-windows-x86_64