CRAN Package Check Results for Package mbr

Last updated on 2022-01-25 06:48:40 CET.

Flavor Version Tinstall Tcheck Ttotal Status Flags
r-devel-linux-x86_64-debian-clang 0.0.1 10.15 104.93 115.08 OK
r-devel-linux-x86_64-debian-gcc 0.0.1 8.67 81.61 90.28 OK
r-devel-linux-x86_64-fedora-clang 0.0.1 134.62 NOTE
r-devel-linux-x86_64-fedora-gcc 0.0.1 129.87 NOTE
r-devel-windows-x86_64-new-UL 0.0.1 34.00 127.00 161.00 OK
r-devel-windows-x86_64-new-TK 0.0.1 NOTE
r-patched-linux-x86_64 0.0.1 8.02 97.77 105.79 OK
r-release-linux-x86_64 0.0.1 9.45 96.50 105.95 OK
r-release-macos-arm64 0.0.1 NOTE
r-release-macos-x86_64 0.0.1 NOTE
r-release-windows-ix86+x86_64 0.0.1 22.00 113.00 135.00 OK
r-oldrel-macos-x86_64 0.0.1 NOTE
r-oldrel-windows-ix86+x86_64 0.0.1 21.00 117.00 138.00 OK

Check Details

Version: 0.0.1
Check: dependencies in R code
Result: NOTE
    Namespace in Imports field not imported from: ‘MASS’
     All declared Imports should be used.
Flavors: r-devel-linux-x86_64-fedora-clang, r-devel-linux-x86_64-fedora-gcc, r-devel-windows-x86_64-new-TK, r-release-macos-arm64, r-release-macos-x86_64, r-oldrel-macos-x86_64