CRAN Package Check Results for Package mccr

Last updated on 2022-01-26 06:50:20 CET.

Flavor Version Tinstall Tcheck Ttotal Status Flags
r-devel-linux-x86_64-debian-clang 0.4.4 1.69 28.77 30.46 NOTE
r-devel-linux-x86_64-debian-gcc 0.4.4 1.52 22.90 24.42 NOTE
r-devel-linux-x86_64-fedora-clang 0.4.4 38.55 NOTE
r-devel-linux-x86_64-fedora-gcc 0.4.4 27.01 NOTE
r-devel-windows-x86_64-new-UL 0.4.4 10.00 46.00 56.00 NOTE
r-devel-windows-x86_64-new-TK 0.4.4 NOTE
r-patched-linux-x86_64 0.4.4 1.36 28.29 29.65 NOTE
r-release-linux-x86_64 0.4.4 1.56 28.22 29.78 NOTE
r-release-macos-arm64 0.4.4 NOTE
r-release-macos-x86_64 0.4.4 NOTE
r-release-windows-ix86+x86_64 0.4.4 5.00 35.00 40.00 NOTE
r-oldrel-macos-x86_64 0.4.4 OK
r-oldrel-windows-ix86+x86_64 0.4.4 5.00 36.00 41.00 OK

Check Details

Version: 0.4.4
Check: LazyData
Result: NOTE
     'LazyData' is specified without a 'data' directory
Flavors: r-devel-linux-x86_64-debian-clang, r-devel-linux-x86_64-debian-gcc, r-devel-linux-x86_64-fedora-clang, r-devel-linux-x86_64-fedora-gcc, r-devel-windows-x86_64-new-UL, r-devel-windows-x86_64-new-TK, r-patched-linux-x86_64, r-release-linux-x86_64, r-release-macos-arm64, r-release-macos-x86_64, r-release-windows-ix86+x86_64