CRAN Package Check Results for Package measures

Last updated on 2024-06-22 07:49:33 CEST.

Flavor Version Tinstall Tcheck Ttotal Status Flags
r-devel-linux-x86_64-debian-clang 0.3 2.83 29.46 32.29 NOTE
r-devel-linux-x86_64-debian-gcc 0.3 2.33 23.25 25.58 NOTE
r-devel-linux-x86_64-fedora-clang 0.3 42.12 NOTE
r-devel-linux-x86_64-fedora-gcc 0.3 39.89 NOTE
r-devel-windows-x86_64 0.3 4.00 54.00 58.00 NOTE
r-patched-linux-x86_64 0.3 3.20 29.52 32.72 NOTE
r-release-linux-x86_64 0.3 2.55 29.32 31.87 NOTE
r-release-macos-arm64 0.3 16.00 NOTE
r-release-macos-x86_64 0.3 24.00 NOTE
r-release-windows-x86_64 0.3 5.00 54.00 59.00 NOTE
r-oldrel-macos-arm64 0.3 19.00 NOTE
r-oldrel-macos-x86_64 0.3 24.00 NOTE
r-oldrel-windows-x86_64 0.3 5.00 55.00 60.00 NOTE

Check Details

Version: 0.3
Check: LazyData
Result: NOTE 'LazyData' is specified without a 'data' directory Flavors: r-devel-linux-x86_64-debian-clang, r-devel-linux-x86_64-debian-gcc, r-devel-linux-x86_64-fedora-clang, r-devel-linux-x86_64-fedora-gcc, r-devel-windows-x86_64, r-patched-linux-x86_64, r-release-linux-x86_64, r-release-macos-arm64, r-release-macos-x86_64, r-release-windows-x86_64, r-oldrel-macos-arm64, r-oldrel-macos-x86_64, r-oldrel-windows-x86_64