CRAN Package Check Results for Package measures

Last updated on 2022-01-26 06:50:20 CET.

Flavor Version Tinstall Tcheck Ttotal Status Flags
r-devel-linux-x86_64-debian-clang 0.3 2.88 36.00 38.88 NOTE
r-devel-linux-x86_64-debian-gcc 0.3 2.38 28.49 30.87 NOTE
r-devel-linux-x86_64-fedora-clang 0.3 49.06 NOTE
r-devel-linux-x86_64-fedora-gcc 0.3 36.90 NOTE
r-devel-windows-x86_64-new-UL 0.3 83.00 58.00 141.00 NOTE
r-devel-windows-x86_64-new-TK 0.3 NOTE
r-patched-linux-x86_64 0.3 2.59 34.90 37.49 NOTE
r-release-linux-x86_64 0.3 1.99 33.95 35.94 NOTE
r-release-macos-arm64 0.3 NOTE
r-release-macos-x86_64 0.3 NOTE
r-release-windows-ix86+x86_64 0.3 6.00 46.00 52.00 NOTE
r-oldrel-macos-x86_64 0.3 OK
r-oldrel-windows-ix86+x86_64 0.3 8.00 48.00 56.00 OK

Check Details

Version: 0.3
Check: LazyData
Result: NOTE
     'LazyData' is specified without a 'data' directory
Flavors: r-devel-linux-x86_64-debian-clang, r-devel-linux-x86_64-debian-gcc, r-devel-linux-x86_64-fedora-clang, r-devel-linux-x86_64-fedora-gcc, r-devel-windows-x86_64-new-UL, r-devel-windows-x86_64-new-TK, r-patched-linux-x86_64, r-release-linux-x86_64, r-release-macos-arm64, r-release-macos-x86_64, r-release-windows-ix86+x86_64