CRAN Package Check Results for Package meboot

Last updated on 2020-09-22 06:47:32 CEST.

Flavor Version Tinstall Tcheck Ttotal Status Flags
r-devel-linux-x86_64-debian-clang 1.4-8 6.30 55.46 61.76 OK
r-devel-linux-x86_64-debian-gcc 1.4-8 0.27 1.97 2.24 ERROR
r-devel-linux-x86_64-fedora-clang 1.4-8 83.01 OK
r-devel-linux-x86_64-fedora-gcc 1.4-8 73.55 OK
r-devel-windows-ix86+x86_64 1.4-8 20.00 87.00 107.00 OK
r-patched-linux-x86_64 1.4-8 6.69 52.79 59.48 OK
r-patched-solaris-x86 1.4-8 114.30 OK
r-release-linux-x86_64 1.4-8 6.66 52.47 59.13 OK
r-release-macos-x86_64 1.4-8 OK
r-release-windows-ix86+x86_64 1.4-8 18.00 115.00 133.00 OK
r-oldrel-macos-x86_64 1.4-8 OK
r-oldrel-windows-ix86+x86_64 1.4-8 10.00 99.00 109.00 OK

Check Details

Version: 1.4-8
Check: whether package can be installed
Result: ERROR
    Installation failed.
Flavor: r-devel-linux-x86_64-debian-gcc