CRAN Package Check Results for Package medrxivr

Last updated on 2021-11-29 06:48:34 CET.

Flavor Version Tinstall Tcheck Ttotal Status Flags
r-devel-linux-x86_64-debian-clang 0.0.5 ERROR
r-devel-linux-x86_64-debian-gcc 0.0.5 3.56 72.28 75.84 NOTE
r-devel-linux-x86_64-fedora-clang 0.0.5 140.14 NOTE
r-devel-linux-x86_64-fedora-gcc 0.0.5 113.21 NOTE
r-devel-windows-x86_64-new-UL 0.0.5 15.00 185.00 200.00 NOTE
r-devel-windows-x86_64-new-TK 0.0.5 NOTE
r-devel-windows-x86_64-old 0.0.5 6.00 144.00 150.00 NOTE
r-patched-linux-x86_64 0.0.5 4.37 88.17 92.54 NOTE
r-patched-solaris-x86 0.0.5 163.50 NOTE
r-release-linux-x86_64 0.0.5 3.54 89.42 92.96 NOTE
r-release-macos-arm64 0.0.5 NOTE
r-release-macos-x86_64 0.0.5 NOTE
r-release-windows-ix86+x86_64 0.0.5 12.00 112.00 124.00 NOTE
r-oldrel-macos-x86_64 0.0.5 NOTE
r-oldrel-windows-ix86+x86_64 0.0.5 25.00 144.00 169.00 OK

Check Details

Version: 0.0.5
Check: LazyData
Result: NOTE
     'LazyData' is specified without a 'data' directory
Flavors: r-devel-linux-x86_64-debian-clang, r-devel-linux-x86_64-debian-gcc, r-devel-linux-x86_64-fedora-clang, r-devel-linux-x86_64-fedora-gcc, r-devel-windows-x86_64-new-UL, r-devel-windows-x86_64-new-TK, r-devel-windows-x86_64-old, r-patched-linux-x86_64, r-patched-solaris-x86, r-release-linux-x86_64, r-release-macos-arm64, r-release-macos-x86_64, r-release-windows-ix86+x86_64

Version: 0.0.5
Check: tests
Result: ERROR
     Running 'spelling.R' [0s/0s]
     Running 'testthat.R' [20m/25m]
    Running the tests in 'tests/testthat.R' failed.
    Complete output:
     > library(testthat)
     > library(medrxivr)
     >
     > test_check("medrxivr")
     Killed
Flavor: r-devel-linux-x86_64-debian-clang

Version: 0.0.5
Check: dependencies in R code
Result: NOTE
    Namespace in Imports field not imported from: ‘vroom’
     All declared Imports should be used.
Flavors: r-devel-linux-x86_64-fedora-clang, r-devel-linux-x86_64-fedora-gcc, r-devel-windows-x86_64-new-TK, r-patched-solaris-x86, r-release-macos-arm64, r-release-macos-x86_64, r-oldrel-macos-x86_64