CRAN Package Check Results for Package mergeTrees

Last updated on 2024-02-29 06:54:13 CET.

Flavor Version Tinstall Tcheck Ttotal Status Flags
r-devel-linux-x86_64-debian-clang 0.1.3 39.26 26.73 65.99 NOTE
r-devel-linux-x86_64-debian-gcc 0.1.3 29.95 20.95 50.90 NOTE
r-devel-linux-x86_64-fedora-clang 0.1.3 98.03 NOTE
r-devel-linux-x86_64-fedora-gcc 0.1.3 92.49 NOTE
r-devel-windows-x86_64 0.1.3 31.00 65.00 96.00 NOTE
r-patched-linux-x86_64 0.1.3 38.91 26.20 65.11 NOTE
r-release-linux-x86_64 0.1.3 38.88 26.45 65.33 NOTE
r-release-macos-arm64 0.1.3 28.00 NOTE
r-release-macos-x86_64 0.1.3 43.00 NOTE
r-release-windows-x86_64 0.1.3 38.00 71.00 109.00 NOTE
r-oldrel-macos-arm64 0.1.3 28.00 NOTE
r-oldrel-windows-x86_64 0.1.3 37.00 68.00 105.00 NOTE

Check Details

Version: 0.1.3
Check: LazyData
Result: NOTE 'LazyData' is specified without a 'data' directory Flavors: r-devel-linux-x86_64-debian-clang, r-devel-linux-x86_64-debian-gcc, r-devel-linux-x86_64-fedora-clang, r-devel-linux-x86_64-fedora-gcc, r-devel-windows-x86_64, r-patched-linux-x86_64, r-release-linux-x86_64, r-release-macos-arm64, r-release-macos-x86_64, r-release-windows-x86_64, r-oldrel-macos-arm64, r-oldrel-windows-x86_64