Last updated on 2023-02-02 06:54:58 CET.
Flavor | Version | Tinstall | Tcheck | Ttotal | Status | Flags |
---|---|---|---|---|---|---|
r-devel-linux-x86_64-debian-clang | 0.1.3 | 38.23 | 26.24 | 64.47 | NOTE | |
r-devel-linux-x86_64-debian-gcc | 0.1.3 | 29.80 | 20.81 | 50.61 | NOTE | |
r-devel-linux-x86_64-fedora-clang | 0.1.3 | 94.16 | NOTE | |||
r-devel-linux-x86_64-fedora-gcc | 0.1.3 | 81.21 | NOTE | |||
r-patched-linux-x86_64 | 0.1.3 | 28.64 | 26.63 | 55.27 | NOTE | |
r-release-linux-x86_64 | 0.1.3 | 28.69 | 26.08 | 54.77 | NOTE | |
r-release-macos-arm64 | 0.1.3 | 25.00 | NOTE | |||
r-release-macos-x86_64 | 0.1.3 | 33.00 | NOTE | |||
r-release-windows-x86_64 | 0.1.3 | 36.00 | 81.00 | 117.00 | NOTE | |
r-oldrel-macos-arm64 | 0.1.3 | 28.00 | NOTE | |||
r-oldrel-macos-x86_64 | 0.1.3 | 47.00 | NOTE | |||
r-oldrel-windows-ix86+x86_64 | 0.1.3 | 87.00 | 75.00 | 162.00 | NOTE |
Version: 0.1.3
Check: LazyData
Result: NOTE
'LazyData' is specified without a 'data' directory
Flavors: r-devel-linux-x86_64-debian-clang, r-devel-linux-x86_64-debian-gcc, r-devel-linux-x86_64-fedora-clang, r-devel-linux-x86_64-fedora-gcc, r-patched-linux-x86_64, r-release-linux-x86_64, r-release-macos-arm64, r-release-macos-x86_64, r-release-windows-x86_64, r-oldrel-macos-arm64, r-oldrel-macos-x86_64, r-oldrel-windows-ix86+x86_64