CRAN Package Check Results for Package messydates

Last updated on 2022-09-27 07:50:47 CEST.

Flavor Version Tinstall Tcheck Ttotal Status Flags
r-devel-linux-x86_64-debian-clang 0.3.1 8.05 81.18 89.23 OK
r-devel-linux-x86_64-debian-gcc 0.3.1 5.65 60.23 65.88 OK
r-devel-linux-x86_64-fedora-clang 0.3.1 119.73 NOTE
r-devel-linux-x86_64-fedora-gcc 0.3.1 112.34 NOTE
r-devel-windows-x86_64 0.3.1 37.00 112.00 149.00 OK
r-patched-linux-x86_64 0.3.1 8.37 75.69 84.06 OK
r-release-linux-x86_64 0.3.1 7.41 75.38 82.79 OK
r-release-macos-arm64 0.3.1 35.00 NOTE
r-release-macos-x86_64 0.3.1 47.00 NOTE
r-release-windows-x86_64 0.3.1 63.00 115.00 178.00 OK
r-oldrel-macos-arm64 0.3.1 30.00 NOTE
r-oldrel-macos-x86_64 0.3.1 48.00 NOTE
r-oldrel-windows-ix86+x86_64 0.3.1 21.00 107.00 128.00 OK

Check Details

Version: 0.3.1
Check: data for non-ASCII characters
Result: NOTE
     Note: found 1 marked UTF-8 string
Flavors: r-devel-linux-x86_64-fedora-clang, r-devel-linux-x86_64-fedora-gcc, r-release-macos-arm64, r-release-macos-x86_64, r-oldrel-macos-arm64, r-oldrel-macos-x86_64