CRAN Package Check Results for Package metR

Last updated on 2021-01-28 06:49:59 CET.

Flavor Version Tinstall Tcheck Ttotal Status Flags
r-devel-linux-x86_64-debian-clang 0.9.0 17.53 369.65 387.18 OK
r-devel-linux-x86_64-debian-gcc 0.9.0 14.65 257.41 272.06 OK
r-devel-linux-x86_64-fedora-clang 0.9.0 405.81 NOTE
r-devel-linux-x86_64-fedora-gcc 0.9.0 418.62 NOTE
r-devel-windows-ix86+x86_64 0.9.0 35.00 326.00 361.00 OK
r-patched-linux-x86_64 0.9.0 16.57 320.34 336.91 OK
r-patched-solaris-x86 0.9.0 513.40 NOTE
r-release-linux-x86_64 0.9.0 16.63 318.19 334.82 OK
r-release-macos-x86_64 0.9.0 ERROR
r-release-windows-ix86+x86_64 0.9.0 34.00 321.00 355.00 OK
r-oldrel-macos-x86_64 0.9.0 ERROR
r-oldrel-windows-ix86+x86_64 0.9.0 48.00 462.00 510.00 OK

Check Details

Version: 0.9.0
Check: dependencies in R code
Result: NOTE
    Namespace in Imports field not imported from: ‘memoise’
     All declared Imports should be used.
Flavors: r-devel-linux-x86_64-fedora-clang, r-devel-linux-x86_64-fedora-gcc, r-patched-solaris-x86, r-release-macos-x86_64, r-oldrel-macos-x86_64

Version: 0.9.0
Check: tests
Result: ERROR
     Running ‘testthat.R’ [29s/31s]
    Running the tests in ‘tests/testthat.R’ failed.
    Last 13 lines of output:
     >
     > test_check("metR")
     ══ Skipped tests ═══════════════════════════════════════════════════════════════
     ● On CRAN (5)
     ● Skipping on CRAN (47)
    
     ══ Failed tests ════════════════════════════════════════════════════════════════
     ── Failure (test-interpolate.R:22:5): interpolate works ────────────────────────
     Value hashes to fed9375322, not 8e0e3094c2
     ── Failure (test-trajectory.R:9:5): trajectory works ───────────────────────────
     Value hashes to bb327656e6, not 913c834207
    
     [ FAIL 2 | WARN 0 | SKIP 52 | PASS 138 ]
     Error: Test failures
     Execution halted
Flavor: r-release-macos-x86_64

Version: 0.9.0
Check: tests
Result: ERROR
     Running ‘testthat.R’ [101s/55s]
    Running the tests in ‘tests/testthat.R’ failed.
    Last 13 lines of output:
     >
     > test_check("metR")
     ══ Skipped tests ═══════════════════════════════════════════════════════════════
     ● On CRAN (5)
     ● Skipping on CRAN (47)
    
     ══ Failed tests ════════════════════════════════════════════════════════════════
     ── Failure (test-interpolate.R:22:5): interpolate works ────────────────────────
     Value hashes to fed9375322, not 8e0e3094c2
     ── Failure (test-trajectory.R:9:5): trajectory works ───────────────────────────
     Value hashes to bb327656e6, not 913c834207
    
     [ FAIL 2 | WARN 0 | SKIP 52 | PASS 138 ]
     Error: Test failures
     Execution halted
Flavor: r-oldrel-macos-x86_64