Last updated on 2025-01-14 06:56:13 CET.
Flavor | Version | Tinstall | Tcheck | Ttotal | Status | Flags |
---|---|---|---|---|---|---|
r-devel-linux-x86_64-debian-clang | 1.1.0 | 15.97 | 175.09 | 191.06 | OK | |
r-devel-linux-x86_64-debian-gcc | 1.1.0 | 10.75 | 130.13 | 140.88 | OK | |
r-devel-linux-x86_64-fedora-clang | 1.1.0 | 309.05 | OK | |||
r-devel-linux-x86_64-fedora-gcc | 1.1.0 | 306.27 | OK | |||
r-devel-windows-x86_64 | 1.1.0 | 17.00 | 191.00 | 208.00 | OK | |
r-patched-linux-x86_64 | 1.1.0 | 15.07 | 168.21 | 183.28 | OK | |
r-release-linux-x86_64 | 1.1.0 | 15.29 | 166.15 | 181.44 | OK | |
r-release-macos-arm64 | 1.1.0 | 95.00 | NOTE | |||
r-release-macos-x86_64 | 1.1.0 | 233.00 | NOTE | |||
r-release-windows-x86_64 | 1.1.0 | 17.00 | 186.00 | 203.00 | NOTE | |
r-oldrel-macos-arm64 | 1.1.0 | 124.00 | NOTE | |||
r-oldrel-macos-x86_64 | 1.1.0 | 307.00 | NOTE | |||
r-oldrel-windows-x86_64 | 1.1.0 | 23.00 | 222.00 | 245.00 | NOTE |
Version: 1.1.0
Check: installed package size
Result: NOTE
installed size is 5.2Mb
sub-directories of 1Mb or more:
data 4.2Mb
Flavors: r-release-macos-arm64, r-release-macos-x86_64, r-release-windows-x86_64, r-oldrel-macos-arm64, r-oldrel-macos-x86_64, r-oldrel-windows-x86_64