CRAN Package Check Results for Package metaMA

Last updated on 2024-06-14 06:53:39 CEST.

Flavor Version Tinstall Tcheck Ttotal Status Flags
r-devel-linux-x86_64-debian-clang 3.1.3 5.03 48.62 53.65 OK
r-devel-linux-x86_64-debian-gcc 3.1.3 3.30 36.37 39.67 OK
r-devel-linux-x86_64-fedora-clang 3.1.3 66.88 OK
r-devel-linux-x86_64-fedora-gcc 3.1.3 56.33 OK
r-devel-windows-x86_64 3.1.3 4.00 72.00 76.00 OK
r-patched-linux-x86_64 3.1.3 2.83 46.49 49.32 OK
r-release-linux-x86_64 3.1.3 4.53 45.46 49.99 OK
r-release-macos-arm64 3.1.3 29.00 NOTE
r-release-macos-x86_64 3.1.3 46.00 OK
r-release-windows-x86_64 3.1.3 4.00 76.00 80.00 OK
r-oldrel-macos-arm64 3.1.3 30.00 NOTE
r-oldrel-macos-x86_64 3.1.3 45.00 NOTE
r-oldrel-windows-x86_64 3.1.3 4.00 72.00 76.00 OK

Check Details

Version: 3.1.3
Check: package dependencies
Result: NOTE Packages suggested but not available for checking: 'hgu133plus2.db', 'hgu133a.db', 'hgu95av2.db' Flavor: r-release-macos-arm64

Version: 3.1.3
Check: package dependencies
Result: NOTE Packages suggested but not available for checking: 'GEOquery', 'annaffy', 'hgu133plus2.db', 'hgu133a.db', 'hgu95av2.db' Flavor: r-oldrel-macos-arm64

Version: 3.1.3
Check: package dependencies
Result: NOTE Packages suggested but not available for checking: 'org.Hs.eg.db', 'annaffy', 'hgu133plus2.db', 'hgu133a.db', 'hgu95av2.db' Flavor: r-oldrel-macos-x86_64